CRAN Package Check Results for Package R.SamBada

Last updated on 2020-04-25 01:53:14 CEST.

Flavor Version Tinstall Tcheck Ttotal Status Flags
r-devel-linux-x86_64-debian-clang 0.1.2 5.81 50.04 55.85 OK
r-devel-linux-x86_64-debian-gcc 0.1.2 4.94 38.33 43.27 OK
r-devel-linux-x86_64-fedora-clang 0.1.2 70.97 OK
r-devel-linux-x86_64-fedora-gcc 0.1.2 69.65 OK
r-devel-windows-ix86+x86_64 0.1.2 17.00 88.00 105.00 OK
r-patched-linux-x86_64 0.1.2 6.48 49.54 56.02 OK
r-patched-osx-x86_64 0.1.2 ERROR
r-release-linux-x86_64 0.1.2 5.82 45.31 51.13 OK
r-release-windows-ix86+x86_64 0.1.2 13.00 84.00 97.00 OK
r-release-osx-x86_64 0.1.2 OK
r-oldrel-windows-ix86+x86_64 0.1.2 6.00 66.00 72.00 OK
r-oldrel-osx-x86_64 0.1.2 OK

Check Details

Version: 0.1.2
Check: package dependencies
Result: ERROR
    Package required but not available: ‘SNPRelate’
    
    See section ‘The DESCRIPTION file’ in the ‘Writing R Extensions’
    manual.
Flavor: r-patched-osx-x86_64