CRAN Package Check Results for Package QuantumClone

Last updated on 2020-04-25 01:53:14 CEST.

Flavor Version Tinstall Tcheck Ttotal Status Flags
r-devel-linux-x86_64-debian-clang 1.0.0.6 12.63 132.25 144.88 NOTE
r-devel-linux-x86_64-debian-gcc 1.0.0.6 9.88 99.82 109.70 NOTE
r-devel-linux-x86_64-fedora-clang 1.0.0.6 168.76 NOTE
r-devel-linux-x86_64-fedora-gcc 1.0.0.6 169.71 NOTE
r-devel-windows-ix86+x86_64 1.0.0.6 44.00 181.00 225.00 OK
r-patched-linux-x86_64 1.0.0.6 11.18 129.06 140.24 NOTE
r-patched-osx-x86_64 1.0.0.6 WARN
r-patched-solaris-x86 1.0.0.6 237.40 NOTE
r-release-linux-x86_64 1.0.0.6 9.13 118.75 127.88 OK
r-release-windows-ix86+x86_64 1.0.0.6 31.00 162.00 193.00 OK
r-release-osx-x86_64 1.0.0.6 OK
r-oldrel-windows-ix86+x86_64 1.0.0.6 14.00 146.00 160.00 OK
r-oldrel-osx-x86_64 1.0.0.6 OK

Check Details

Version: 1.0.0.6
Check: for non-standard things in the check directory
Result: NOTE
    Found the following files/directories:
     'Example'
Flavors: r-devel-linux-x86_64-debian-clang, r-devel-linux-x86_64-debian-gcc, r-devel-linux-x86_64-fedora-clang, r-devel-linux-x86_64-fedora-gcc, r-patched-linux-x86_64, r-patched-solaris-x86

Version: 1.0.0.6
Check: re-building of vignette outputs
Result: WARN
    Error(s) in re-building vignettes:
    --- re-building ‘Release.Rmd’ using rmarkdown
    dyld: lazy symbol binding failed: Symbol not found: ____chkstk_darwin
     Referenced from: /usr/local/bin/pandoc (which was built for Mac OS X 10.15)
     Expected in: /usr/lib/libSystem.B.dylib
    
    dyld: Symbol not found: ____chkstk_darwin
     Referenced from: /usr/local/bin/pandoc (which was built for Mac OS X 10.15)
     Expected in: /usr/lib/libSystem.B.dylib
    
    Error: processing vignette 'Release.Rmd' failed with diagnostics:
    pandoc document conversion failed with error 6
    --- failed re-building ‘Release.Rmd’
    
    --- re-building ‘Use_case.Rmd’ using rmarkdown
    Warning: Removed 16 rows containing missing values (geom_point).
    Warning: Removed 16 rows containing missing values (geom_point).
    dyld: lazy symbol binding failed: Symbol not found: ____chkstk_darwin
     Referenced from: /usr/local/bin/pandoc (which was built for Mac OS X 10.15)
     Expected in: /usr/lib/libSystem.B.dylib
    
    dyld: Symbol not found: ____chkstk_darwin
     Referenced from: /usr/local/bin/pandoc (which was built for Mac OS X 10.15)
     Expected in: /usr/lib/libSystem.B.dylib
    
    Error: processing vignette 'Use_case.Rmd' failed with diagnostics:
    pandoc document conversion failed with error 6
    --- failed re-building ‘Use_case.Rmd’
    
    SUMMARY: processing the following files failed:
     ‘Release.Rmd’ ‘Use_case.Rmd’
    
    Error: Vignette re-building failed.
    Execution halted
Flavor: r-patched-osx-x86_64