CRAN Package Check Results for Package QVM

Last updated on 2020-04-25 01:53:14 CEST.

Flavor Version Tinstall Tcheck Ttotal Status Flags
r-devel-linux-x86_64-debian-clang 0.1.1 9.40 75.59 84.99 OK
r-devel-linux-x86_64-debian-gcc 0.1.1 8.63 59.47 68.10 OK
r-devel-linux-x86_64-fedora-clang 0.1.1 103.42 OK
r-devel-linux-x86_64-fedora-gcc 0.1.1 103.33 OK
r-devel-windows-ix86+x86_64 0.1.1 32.00 113.00 145.00 OK
r-patched-linux-x86_64 0.1.1 9.83 75.33 85.16 OK
r-patched-osx-x86_64 0.1.1 OK
r-patched-solaris-x86 0.1.1 159.60 OK
r-release-linux-x86_64 0.1.1 8.04 67.98 76.02 OK
r-release-windows-ix86+x86_64 0.1.1 24.00 77.00 101.00 OK
r-release-osx-x86_64 0.1.1 FAIL
r-oldrel-windows-ix86+x86_64 0.1.1 7.00 115.00 122.00 OK
r-oldrel-osx-x86_64 0.1.1 OK

Check Details

Version: 0.1.1
Check: whether package can be installed
Result: FAIL
Flavor: r-release-osx-x86_64