CRAN Package Check Results for Package QSARdata

Last updated on 2020-04-25 01:53:13 CEST.

Flavor Version Tinstall Tcheck Ttotal Status Flags
r-devel-linux-x86_64-debian-clang 1.3 2.48 28.06 30.54 NOTE
r-devel-linux-x86_64-debian-gcc 1.3 1.95 22.95 24.90 NOTE
r-devel-linux-x86_64-fedora-clang 1.3 37.36 NOTE
r-devel-linux-x86_64-fedora-gcc 1.3 37.50 NOTE
r-devel-windows-ix86+x86_64 1.3 9.00 50.00 59.00 NOTE
r-patched-linux-x86_64 1.3 2.62 27.98 30.60 NOTE
r-patched-osx-x86_64 1.3 NOTE
r-patched-solaris-x86 1.3 62.60 NOTE
r-release-linux-x86_64 1.3 1.68 26.44 28.12 NOTE
r-release-windows-ix86+x86_64 1.3 5.00 49.00 54.00 NOTE
r-release-osx-x86_64 1.3 NOTE
r-oldrel-windows-ix86+x86_64 1.3 3.00 33.00 36.00 NOTE
r-oldrel-osx-x86_64 1.3 NOTE

Check Details

Version: 1.3
Check: DESCRIPTION meta-information
Result: NOTE
    Malformed Description field: should contain one or more complete sentences.
Flavors: r-devel-linux-x86_64-debian-clang, r-devel-linux-x86_64-debian-gcc, r-devel-linux-x86_64-fedora-clang, r-devel-linux-x86_64-fedora-gcc, r-devel-windows-ix86+x86_64, r-patched-linux-x86_64, r-patched-osx-x86_64, r-patched-solaris-x86, r-release-linux-x86_64, r-release-windows-ix86+x86_64, r-release-osx-x86_64, r-oldrel-windows-ix86+x86_64, r-oldrel-osx-x86_64

Version: 1.3
Check: installed package size
Result: NOTE
     installed size is 12.7Mb
     sub-directories of 1Mb or more:
     data 12.5Mb
Flavors: r-devel-linux-x86_64-fedora-clang, r-devel-windows-ix86+x86_64, r-patched-osx-x86_64, r-patched-solaris-x86, r-release-windows-ix86+x86_64, r-release-osx-x86_64, r-oldrel-windows-ix86+x86_64, r-oldrel-osx-x86_64