CRAN Package Check Results for Package ProcMod

Last updated on 2020-04-25 01:53:13 CEST.

Flavor Version Tinstall Tcheck Ttotal Status Flags
r-devel-linux-x86_64-debian-clang 1.0.3 4.05 80.35 84.40 OK
r-devel-linux-x86_64-debian-gcc 1.0.3 2.84 60.15 62.99 OK
r-devel-linux-x86_64-fedora-clang 1.0.3 95.99 NOTE
r-devel-linux-x86_64-fedora-gcc 1.0.3 95.86 NOTE
r-devel-windows-ix86+x86_64 1.0.3 10.00 123.00 133.00 OK
r-patched-linux-x86_64 1.0.3 3.84 76.24 80.08 OK
r-patched-osx-x86_64 1.0.3 NOTE
r-patched-solaris-x86 1.0.3 136.00 NOTE
r-release-linux-x86_64 1.0.3 3.42 69.90 73.32 OK
r-release-windows-ix86+x86_64 1.0.3 10.00 85.00 95.00 OK
r-release-osx-x86_64 1.0.3 NOTE
r-oldrel-windows-ix86+x86_64 1.0.3 30.00 95.00 125.00 OK
r-oldrel-osx-x86_64 1.0.3 NOTE

Check Details

Version: 1.0.3
Check: dependencies in R code
Result: NOTE
    Namespaces in Imports field not imported from:
     ‘expm’ ‘mvtnorm’
     All declared Imports should be used.
Flavors: r-devel-linux-x86_64-fedora-clang, r-devel-linux-x86_64-fedora-gcc, r-patched-osx-x86_64, r-patched-solaris-x86, r-release-osx-x86_64, r-oldrel-osx-x86_64