CRAN Package Check Results for Package ProbitSpatial

Last updated on 2020-04-25 01:53:13 CEST.

Flavor Version Tinstall Tcheck Ttotal Status Flags
r-devel-linux-x86_64-debian-clang 1.0 82.46 64.15 146.61 OK
r-devel-linux-x86_64-debian-gcc 1.0 76.01 51.57 127.58 OK
r-devel-linux-x86_64-fedora-clang 1.0 197.29 NOTE
r-devel-linux-x86_64-fedora-gcc 1.0 216.06 NOTE
r-devel-windows-ix86+x86_64 1.0 152.00 147.00 299.00 OK
r-patched-linux-x86_64 1.0 79.58 64.77 144.35 OK
r-patched-osx-x86_64 1.0 NOTE
r-patched-solaris-x86 1.0 201.60 OK
r-release-linux-x86_64 1.0 80.42 58.11 138.53 OK
r-release-windows-ix86+x86_64 1.0 137.00 102.00 239.00 OK
r-release-osx-x86_64 1.0 NOTE
r-oldrel-windows-ix86+x86_64 1.0 93.00 133.00 226.00 OK
r-oldrel-osx-x86_64 1.0 NOTE

Additional issues

gcc10 gcc10

Check Details

Version: 1.0
Check: installed package size
Result: NOTE
     installed size is 21.6Mb
     sub-directories of 1Mb or more:
     libs 21.3Mb
Flavors: r-devel-linux-x86_64-fedora-clang, r-patched-osx-x86_64, r-release-osx-x86_64, r-oldrel-osx-x86_64

Version: 1.0
Check: compiled code
Result: NOTE
    File ‘ProbitSpatial/libs/ProbitSpatial.so’:
     Found no calls to: ‘R_registerRoutines’, ‘R_useDynamicSymbols’
    
    It is good practice to register native routines and to disable symbol
    search.
    
    See ‘Writing portable packages’ in the ‘Writing R Extensions’ manual.
Flavors: r-devel-linux-x86_64-fedora-clang, r-devel-linux-x86_64-fedora-gcc