CRAN Package Check Results for Package PrevMap

Last updated on 2020-04-25 01:53:13 CEST.

Flavor Version Tinstall Tcheck Ttotal Status Flags
r-devel-linux-x86_64-debian-clang 1.5.3 32.35 204.80 237.15 NOTE
r-devel-linux-x86_64-debian-gcc 1.5.3 27.44 158.14 185.58 NOTE
r-devel-linux-x86_64-fedora-clang 1.5.3 286.43 OK
r-devel-linux-x86_64-fedora-gcc 1.5.3 289.20 OK
r-devel-windows-ix86+x86_64 1.5.3 71.00 257.00 328.00 OK
r-patched-linux-x86_64 1.5.3 31.58 200.38 231.96 NOTE
r-patched-osx-x86_64 1.5.3 NOTE
r-patched-solaris-x86 1.5.3 385.80 NOTE
r-release-linux-x86_64 1.5.3 27.84 181.08 208.92 NOTE
r-release-windows-ix86+x86_64 1.5.3 59.00 207.00 266.00 OK
r-release-osx-x86_64 1.5.3 NOTE
r-oldrel-windows-ix86+x86_64 1.5.3 30.00 179.00 209.00 OK
r-oldrel-osx-x86_64 1.5.3 NOTE

Check Details

Version: 1.5.3
Check: package dependencies
Result: NOTE
    Package suggested but not available for checking: 'INLA'
Flavors: r-devel-linux-x86_64-debian-clang, r-devel-linux-x86_64-debian-gcc, r-patched-linux-x86_64, r-patched-osx-x86_64, r-patched-solaris-x86, r-release-linux-x86_64, r-release-osx-x86_64, r-oldrel-osx-x86_64

Version: 1.5.3
Check: dependencies in R code
Result: NOTE
    No protocol specified
    No protocol specified
Flavors: r-release-osx-x86_64, r-oldrel-osx-x86_64