CRAN Package Check Results for Package PortfolioEffectHFT

Last updated on 2020-04-25 01:53:13 CEST.

Flavor Version Tinstall Tcheck Ttotal Status Flags
r-devel-linux-x86_64-debian-clang 1.8 13.35 81.65 95.00 OK
r-devel-linux-x86_64-debian-gcc 1.8 11.33 62.75 74.08 OK
r-devel-linux-x86_64-fedora-clang 1.8 114.26 NOTE
r-devel-linux-x86_64-fedora-gcc 1.8 117.32 OK
r-devel-windows-ix86+x86_64 1.8 40.00 109.00 149.00 NOTE
r-patched-linux-x86_64 1.8 12.48 77.93 90.41 OK
r-patched-osx-x86_64 1.8 NOTE
r-patched-solaris-x86 1.8 164.50 NOTE
r-release-linux-x86_64 1.8 10.78 70.23 81.01 OK
r-release-windows-ix86+x86_64 1.8 34.00 100.00 134.00 NOTE
r-release-osx-x86_64 1.8 NOTE
r-oldrel-windows-ix86+x86_64 1.8 15.00 103.00 118.00 NOTE
r-oldrel-osx-x86_64 1.8 NOTE

Check Details

Version: 1.8
Check: installed package size
Result: NOTE
     installed size is 6.4Mb
     sub-directories of 1Mb or more:
     java 5.1Mb
Flavors: r-devel-linux-x86_64-fedora-clang, r-devel-windows-ix86+x86_64, r-patched-osx-x86_64, r-patched-solaris-x86, r-release-windows-ix86+x86_64, r-release-osx-x86_64, r-oldrel-windows-ix86+x86_64, r-oldrel-osx-x86_64