CRAN Package Check Results for Package PopGenome

Last updated on 2020-04-25 01:53:13 CEST.

Flavor Version Tinstall Tcheck Ttotal Status Flags
r-devel-linux-x86_64-debian-clang 2.7.5 64.85 144.41 209.26 NOTE
r-devel-linux-x86_64-debian-gcc 2.7.5 49.45 110.32 159.77 NOTE
r-devel-linux-x86_64-fedora-clang 2.7.5 267.31 NOTE
r-devel-linux-x86_64-fedora-gcc 2.7.5 253.31 NOTE
r-devel-windows-ix86+x86_64 2.7.5 237.00 176.00 413.00 NOTE
r-patched-linux-x86_64 2.7.5 58.71 143.35 202.06 NOTE
r-patched-osx-x86_64 2.7.5 NOTE
r-patched-solaris-x86 2.7.5 367.20 OK
r-release-linux-x86_64 2.7.5 53.88 131.05 184.93 NOTE
r-release-windows-ix86+x86_64 2.7.5 229.00 161.00 390.00 OK
r-release-osx-x86_64 2.7.5 OK
r-oldrel-windows-ix86+x86_64 2.7.5 156.00 205.00 361.00 OK
r-oldrel-osx-x86_64 2.7.5 OK

Additional issues

rchk

Check Details

Version: 2.7.5
Check: package dependencies
Result: NOTE
    Package suggested but not available for checking: 'WhopGenome'
Flavors: r-devel-linux-x86_64-debian-clang, r-devel-linux-x86_64-debian-gcc, r-devel-linux-x86_64-fedora-clang, r-devel-linux-x86_64-fedora-gcc, r-patched-linux-x86_64, r-patched-osx-x86_64, r-release-linux-x86_64

Version: 2.7.5
Check: installed package size
Result: NOTE
     installed size is 5.3Mb
     sub-directories of 1Mb or more:
     R 1.6Mb
     doc 1.1Mb
     libs 2.3Mb
Flavor: r-devel-windows-ix86+x86_64