CRAN Package Check Results for Package PopGenReport

Last updated on 2020-04-25 01:53:13 CEST.

Flavor Version Tinstall Tcheck Ttotal Status Flags
r-devel-linux-x86_64-debian-clang 3.0.4 23.99 230.26 254.25 OK
r-devel-linux-x86_64-debian-gcc 3.0.4 22.67 178.22 200.89 OK
r-devel-linux-x86_64-fedora-clang 3.0.4 307.06 NOTE
r-devel-linux-x86_64-fedora-gcc 3.0.4 312.50 OK
r-devel-windows-ix86+x86_64 3.0.4 78.00 258.00 336.00 OK
r-patched-linux-x86_64 3.0.4 22.95 222.37 245.32 OK
r-patched-osx-x86_64 3.0.4 OK
r-patched-solaris-x86 3.0.4 472.60 OK
r-release-linux-x86_64 3.0.4 16.68 202.26 218.94 OK
r-release-windows-ix86+x86_64 3.0.4 73.00 234.00 307.00 OK
r-release-osx-x86_64 3.0.4 OK
r-oldrel-windows-ix86+x86_64 3.0.4 24.00 201.00 225.00 OK
r-oldrel-osx-x86_64 3.0.4 OK

Check Details

Version: 3.0.4
Check: package dependencies
Result: NOTE
    Imports includes 21 non-default packages.
    Importing from so many packages makes the package vulnerable to any of
    them becoming unavailable. Move as many as possible to Suggests and
    use conditionally.
Flavor: r-devel-linux-x86_64-fedora-clang