CRAN Package Check Results for Package Plasmidprofiler

Last updated on 2020-04-25 01:53:11 CEST.

Flavor Version Tinstall Tcheck Ttotal Status Flags
r-devel-linux-x86_64-debian-clang 0.1.6 7.00 60.82 67.82 NOTE
r-devel-linux-x86_64-debian-gcc 0.1.6 5.23 47.03 52.26 NOTE
r-devel-linux-x86_64-fedora-clang 0.1.6 84.00 NOTE
r-devel-linux-x86_64-fedora-gcc 0.1.6 79.86 NOTE
r-devel-windows-ix86+x86_64 0.1.6 28.00 75.00 103.00 OK
r-patched-linux-x86_64 0.1.6 7.27 57.13 64.40 NOTE
r-patched-osx-x86_64 0.1.6 OK
r-patched-solaris-x86 0.1.6 118.60 NOTE
r-release-linux-x86_64 0.1.6 5.04 53.51 58.55 OK
r-release-windows-ix86+x86_64 0.1.6 24.00 97.00 121.00 OK
r-release-osx-x86_64 0.1.6 OK
r-oldrel-windows-ix86+x86_64 0.1.6 8.00 82.00 90.00 OK
r-oldrel-osx-x86_64 0.1.6 OK

Check Details

Version: 0.1.6
Check: for non-standard things in the check directory
Result: NOTE
    Found the following files/directories:
     'P2Run.csv' 'P2Run.html' 'P2Run.png'
Flavors: r-devel-linux-x86_64-debian-clang, r-devel-linux-x86_64-debian-gcc, r-devel-linux-x86_64-fedora-clang, r-devel-linux-x86_64-fedora-gcc, r-patched-linux-x86_64

Version: 0.1.6
Check: for non-standard things in the check directory
Result: NOTE
    Found the following files/directories:
     ‘P2Run.csv’ ‘P2Run.png’
Flavor: r-patched-solaris-x86