CRAN Package Check Results for Package PlackettLuce

Last updated on 2020-04-25 01:53:11 CEST.

Flavor Version Tinstall Tcheck Ttotal Status Flags
r-devel-linux-x86_64-debian-clang 0.2-9 10.14 204.12 214.26 NOTE
r-devel-linux-x86_64-debian-gcc 0.2-9 10.02 149.29 159.31 NOTE
r-devel-linux-x86_64-fedora-clang 0.2-9 257.64 NOTE
r-devel-linux-x86_64-fedora-gcc 0.2-9 247.19 NOTE
r-devel-windows-ix86+x86_64 0.2-9 37.00 214.00 251.00 OK
r-patched-linux-x86_64 0.2-9 10.83 196.87 207.70 NOTE
r-patched-osx-x86_64 0.2-9 WARN
r-patched-solaris-x86 0.2-9 345.80 NOTE
r-release-linux-x86_64 0.2-9 8.28 182.45 190.73 NOTE
r-release-windows-ix86+x86_64 0.2-9 26.00 230.00 256.00 OK
r-release-osx-x86_64 0.2-9 NOTE
r-oldrel-windows-ix86+x86_64 0.2-9 11.00 225.00 236.00 NOTE
r-oldrel-osx-x86_64 0.2-9 NOTE

Check Details

Version: 0.2-9
Check: package dependencies
Result: NOTE
    Package suggested but not available for checking: 'BradleyTerryScalable'
Flavors: r-devel-linux-x86_64-debian-clang, r-devel-linux-x86_64-debian-gcc, r-devel-linux-x86_64-fedora-clang, r-devel-linux-x86_64-fedora-gcc, r-patched-linux-x86_64, r-patched-solaris-x86, r-release-linux-x86_64

Version: 0.2-9
Check: package dependencies
Result: NOTE
    Packages suggested but not available for checking:
     'BiocStyle', 'BradleyTerryScalable'
Flavor: r-patched-osx-x86_64

Version: 0.2-9
Check: re-building of vignette outputs
Result: WARN
    Error(s) in re-building vignettes:
    --- re-building ‘Overview.Rmd’ using rmarkdown
    
    Attaching package: 'igraph'
    
    The following objects are masked from 'package:stats':
    
     decompose, spectrum
    
    The following object is masked from 'package:base':
    
     union
    
    Network of items is not strongly connected
    Rankings with only 1 item set to `NA`
    dyld: lazy symbol binding failed: Symbol not found: ____chkstk_darwin
     Referenced from: /usr/local/bin/pandoc (which was built for Mac OS X 10.15)
     Expected in: /usr/lib/libSystem.B.dylib
    
    dyld: Symbol not found: ____chkstk_darwin
     Referenced from: /usr/local/bin/pandoc (which was built for Mac OS X 10.15)
     Expected in: /usr/lib/libSystem.B.dylib
    
    Error: processing vignette 'Overview.Rmd' failed with diagnostics:
    pandoc document conversion failed with error 6
    --- failed re-building ‘Overview.Rmd’
    
    SUMMARY: processing the following file failed:
     ‘Overview.Rmd’
    
    Error: Vignette re-building failed.
    Execution halted
Flavor: r-patched-osx-x86_64

Version: 0.2-9
Check: package dependencies
Result: NOTE
    Package suggested but not available for checking: ‘BiocStyle’
Flavors: r-release-osx-x86_64, r-oldrel-osx-x86_64

Version: 0.2-9
Check: R code for possible problems
Result: NOTE
    aggregate.rankings: no visible global function definition for 'asplit'
    Undefined global functions or variables:
     asplit
Flavors: r-oldrel-windows-ix86+x86_64, r-oldrel-osx-x86_64