CRAN Package Check Results for Package PharmPow

Last updated on 2020-04-25 01:53:11 CEST.

Flavor Version Tinstall Tcheck Ttotal Status Flags
r-devel-linux-x86_64-debian-clang 1.0 2.62 21.06 23.68 NOTE
r-devel-linux-x86_64-debian-gcc 1.0 1.89 17.05 18.94 NOTE
r-devel-linux-x86_64-fedora-clang 1.0 29.15 NOTE
r-devel-linux-x86_64-fedora-gcc 1.0 28.96 NOTE
r-devel-windows-ix86+x86_64 1.0 9.00 43.00 52.00 NOTE
r-patched-linux-x86_64 1.0 2.20 21.05 23.25 NOTE
r-patched-osx-x86_64 1.0 NOTE
r-patched-solaris-x86 1.0 45.80 NOTE
r-release-linux-x86_64 1.0 2.14 18.08 20.22 NOTE
r-release-windows-ix86+x86_64 1.0 7.00 44.00 51.00 NOTE
r-release-osx-x86_64 1.0 NOTE
r-oldrel-windows-ix86+x86_64 1.0 5.00 33.00 38.00 NOTE
r-oldrel-osx-x86_64 1.0 NOTE

Check Details

Version: 1.0
Check: R code for possible problems
Result: NOTE
    PharmPow_crossover: no visible global function definition for
     'read.table'
    PharmPow_crossover: no visible global function definition for
     'write.csv'
    PharmPow_crossover: no visible global function definition for 'pdf'
    PharmPow_crossover: no visible global function definition for 'dev.off'
    PharmPow_parallel: no visible global function definition for
     'read.table'
    PharmPow_parallel: no visible global function definition for
     'write.csv'
    PharmPow_parallel: no visible global function definition for 'pdf'
    PharmPow_parallel: no visible global function definition for 'dev.off'
    fig_PharmPow_crossover: no visible global function definition for
     'read.csv'
    fig_PharmPow_parallel: no visible global function definition for
     'read.csv'
    Undefined global functions or variables:
     dev.off pdf read.csv read.table write.csv
    Consider adding
     importFrom("grDevices", "dev.off", "pdf")
     importFrom("utils", "read.csv", "read.table", "write.csv")
    to your NAMESPACE file.
Flavors: r-devel-linux-x86_64-debian-clang, r-devel-linux-x86_64-debian-gcc, r-devel-linux-x86_64-fedora-clang, r-devel-linux-x86_64-fedora-gcc, r-devel-windows-ix86+x86_64, r-patched-linux-x86_64, r-patched-osx-x86_64, r-patched-solaris-x86, r-release-linux-x86_64, r-release-windows-ix86+x86_64, r-release-osx-x86_64, r-oldrel-windows-ix86+x86_64, r-oldrel-osx-x86_64

Version: 1.0
Check: installed package size
Result: NOTE
     installed size is 5.5Mb
     sub-directories of 1Mb or more:
     extdata 5.5Mb
Flavor: r-patched-solaris-x86