Last updated on 2020-04-25 01:53:11 CEST.
Flavor | Version | Tinstall | Tcheck | Ttotal | Status | Flags |
---|---|---|---|---|---|---|
r-devel-linux-x86_64-debian-clang | 1.13 | 21.45 | 30.59 | 52.04 | NOTE | |
r-devel-linux-x86_64-debian-gcc | 1.13 | 13.19 | 24.32 | 37.51 | NOTE | |
r-devel-linux-x86_64-fedora-clang | 1.13 | 75.55 | NOTE | |||
r-devel-linux-x86_64-fedora-gcc | 1.13 | 60.95 | NOTE | |||
r-devel-windows-ix86+x86_64 | 1.13 | 57.00 | 101.00 | 158.00 | OK | |
r-patched-linux-x86_64 | 1.13 | 15.63 | 30.18 | 45.81 | NOTE | |
r-patched-osx-x86_64 | 1.13 | OK | ||||
r-patched-solaris-x86 | 1.13 | 82.80 | NOTE | |||
r-release-linux-x86_64 | 1.13 | 14.63 | 28.42 | 43.05 | OK | |
r-release-windows-ix86+x86_64 | 1.13 | 75.00 | 62.00 | 137.00 | OK | |
r-release-osx-x86_64 | 1.13 | OK | ||||
r-oldrel-windows-ix86+x86_64 | 1.13 | 37.00 | 75.00 | 112.00 | OK | |
r-oldrel-osx-x86_64 | 1.13 | OK |
Version: 1.13
Check: for non-standard things in the check directory
Result: NOTE
Found the following files/directories:
'permus_per_dist_4' 'permus_per_shape_bin_4_0'
'permus_per_shape_bin_4_1' 'permus_per_shape_bin_4_2'
'permus_per_shape_bin_4_3'
Flavors: r-devel-linux-x86_64-debian-clang, r-devel-linux-x86_64-debian-gcc, r-devel-linux-x86_64-fedora-clang, r-devel-linux-x86_64-fedora-gcc, r-patched-linux-x86_64, r-patched-solaris-x86