CRAN Package Check Results for Package ParallelPC

Last updated on 2020-04-25 01:53:10 CEST.

Flavor Version Tinstall Tcheck Ttotal Status Flags
r-devel-linux-x86_64-debian-clang 1.2 3.26 38.99 42.25 OK
r-devel-linux-x86_64-debian-gcc 1.2 2.73 30.46 33.19 OK
r-devel-linux-x86_64-fedora-clang 1.2 52.09 OK
r-devel-linux-x86_64-fedora-gcc 1.2 50.82 OK
r-devel-windows-ix86+x86_64 1.2 10.00 123.00 133.00 OK
r-patched-linux-x86_64 1.2 2.70 38.51 41.21 OK
r-patched-osx-x86_64 1.2 OK
r-patched-solaris-x86 1.2 81.30 OK
r-release-linux-x86_64 1.2 2.78 35.46 38.24 OK
r-release-windows-ix86+x86_64 1.2 9.00 85.00 94.00 OK
r-release-osx-x86_64 1.2 ERROR
r-oldrel-windows-ix86+x86_64 1.2 3.00 107.00 110.00 FAIL
r-oldrel-osx-x86_64 1.2 OK

Check Details

Version: 1.2
Check: package dependencies
Result: NOTE
    Packages suggested but not available for checking: 'pcalg', 'Rgraphviz'
Flavor: r-release-osx-x86_64

Version: 1.2
Check: examples
Result: ERROR
    Running examples in ‘ParallelPC-Ex.R’ failed
    The error most likely occurred in:
    
    > ### Name: IDA_parallel
    > ### Title: Estimate Total Causal Effects using the IDA_parallel Algorithm
    > ### Aliases: IDA_parallel
    >
    > ### ** Examples
    >
    > ##########################################
    > ## Using IDA_parallel without mem.efficeient
    > ##########################################
    > library(bnlearn)
    
    Attaching package: ‘bnlearn’
    
    The following object is masked from ‘package:stats’:
    
     sigma
    
    > library(pcalg)
    Error in library(pcalg) : there is no package called ‘pcalg’
    Execution halted
Flavor: r-release-osx-x86_64

Version: 1.2
Check: examples
Result: FAIL
Flavor: r-oldrel-windows-ix86+x86_64