CRAN Package Check Results for Package ParBayesianOptimization

Last updated on 2020-04-25 01:53:10 CEST.

Flavor Version Tinstall Tcheck Ttotal Status Flags
r-devel-linux-x86_64-debian-clang 1.1.0 7.36 184.66 192.02 OK
r-devel-linux-x86_64-debian-gcc 1.1.0 5.51 125.51 131.02 OK
r-devel-linux-x86_64-fedora-clang 1.1.0 183.31 NOTE
r-devel-linux-x86_64-fedora-gcc 1.1.0 156.66 NOTE
r-devel-windows-ix86+x86_64 1.1.0 24.00 177.00 201.00 OK
r-patched-linux-x86_64 1.1.0 7.24 136.17 143.41 OK
r-patched-osx-x86_64 1.1.0 WARN
r-patched-solaris-x86 1.1.0 199.30 NOTE
r-release-linux-x86_64 1.1.0 4.43 126.77 131.20 OK
r-release-windows-ix86+x86_64 1.1.0 18.00 160.00 178.00 OK
r-release-osx-x86_64 1.1.0 NOTE
r-oldrel-windows-ix86+x86_64 1.1.0 8.00 139.00 147.00 OK
r-oldrel-osx-x86_64 1.1.0 NOTE

Check Details

Version: 1.1.0
Check: dependencies in R code
Result: NOTE
    Namespace in Imports field not imported from: ‘plotly’
     All declared Imports should be used.
Flavors: r-devel-linux-x86_64-fedora-clang, r-devel-linux-x86_64-fedora-gcc, r-patched-osx-x86_64, r-patched-solaris-x86, r-release-osx-x86_64, r-oldrel-osx-x86_64

Version: 1.1.0
Check: re-building of vignette outputs
Result: WARN
    Error(s) in re-building vignettes:
    --- re-building ‘functionMaximization.Rmd’ using rmarkdown
     0.272 seconds
    
    Starting Epoch 1
     1) Fitting Gaussian Process...
     2) Running local optimum search... 0.201 seconds
     3) Running FUN 1 times in 1 thread(s)... 0.099 seconds
    
    Starting Epoch 2
     1) Fitting Gaussian Process...
     2) Running local optimum search... 0.306 seconds
     3) Running FUN 1 times in 1 thread(s)... 0.087 seconds
    
    
    
    Warning in sink() : no sink to remove
    Warning in sink() : no sink to remove
    dyld: lazy symbol binding failed: Symbol not found: ____chkstk_darwin
     Referenced from: /usr/local/bin/pandoc (which was built for Mac OS X 10.15)
     Expected in: /usr/lib/libSystem.B.dylib
    
    dyld: Symbol not found: ____chkstk_darwin
     Referenced from: /usr/local/bin/pandoc (which was built for Mac OS X 10.15)
     Expected in: /usr/lib/libSystem.B.dylib
    
    Error: processing vignette 'functionMaximization.Rmd' failed with diagnostics:
    pandoc document conversion failed with error 6
    --- failed re-building ‘functionMaximization.Rmd’
    
    --- re-building ‘multiPointSampling.Rmd’ using rmarkdown
    dyld: lazy symbol binding failed: Symbol not found: ____chkstk_darwin
     Referenced from: /usr/local/bin/pandoc (which was built for Mac OS X 10.15)
     Expected in: /usr/lib/libSystem.B.dylib
    
    dyld: Symbol not found: ____chkstk_darwin
     Referenced from: /usr/local/bin/pandoc (which was built for Mac OS X 10.15)
     Expected in: /usr/lib/libSystem.B.dylib
    
    Error: processing vignette 'multiPointSampling.Rmd' failed with diagnostics:
    pandoc document conversion failed with error 6
    --- failed re-building ‘multiPointSampling.Rmd’
    
    --- re-building ‘tuningHyperparameters.Rmd’ using rmarkdown
     3.516 seconds
    
    Starting Epoch 1
     1) Fitting Gaussian Process...
     2) Running local optimum search... 7.202 seconds
     3) Running FUN 1 times in 1 thread(s)... 0.421 seconds
    
    Starting Epoch 2
     1) Fitting Gaussian Process...
     2) Running local optimum search... 2.463 seconds
     3) Running FUN 1 times in 1 thread(s)... 0.451 seconds
    
    Starting Epoch 3
     1) Fitting Gaussian Process...
     2) Running local optimum search... 14.305 seconds
     3) Running FUN 1 times in 1 thread(s)... 0.536 seconds
    
    
    
    Warning in sink() : no sink to remove
    dyld: lazy symbol binding failed: Symbol not found: ____chkstk_darwin
     Referenced from: /usr/local/bin/pandoc (which was built for Mac OS X 10.15)
     Expected in: /usr/lib/libSystem.B.dylib
    
    dyld: Symbol not found: ____chkstk_darwin
     Referenced from: /usr/local/bin/pandoc (which was built for Mac OS X 10.15)
     Expected in: /usr/lib/libSystem.B.dylib
    
    Error: processing vignette 'tuningHyperparameters.Rmd' failed with diagnostics:
    pandoc document conversion failed with error 6
    --- failed re-building ‘tuningHyperparameters.Rmd’
    
    SUMMARY: processing the following files failed:
     ‘functionMaximization.Rmd’ ‘multiPointSampling.Rmd’
     ‘tuningHyperparameters.Rmd’
    
    Error: Vignette re-building failed.
    Execution halted
Flavor: r-patched-osx-x86_64