CRAN Package Check Results for Package PanCanVarSel

Last updated on 2020-04-25 01:53:10 CEST.

Flavor Version Tinstall Tcheck Ttotal Status Flags
r-devel-linux-x86_64-debian-clang 0.0.3 3.22 49.65 52.87 OK
r-devel-linux-x86_64-debian-gcc 0.0.3 2.81 38.49 41.30 OK
r-devel-linux-x86_64-fedora-clang 0.0.3 63.93 NOTE
r-devel-linux-x86_64-fedora-gcc 0.0.3 63.79 NOTE
r-devel-windows-ix86+x86_64 0.0.3 10.00 86.00 96.00 OK
r-patched-linux-x86_64 0.0.3 2.70 48.49 51.19 OK
r-patched-osx-x86_64 0.0.3 NOTE
r-patched-solaris-x86 0.0.3 99.20 NOTE
r-release-linux-x86_64 0.0.3 2.80 45.31 48.11 OK
r-release-windows-ix86+x86_64 0.0.3 7.00 57.00 64.00 OK
r-release-osx-x86_64 0.0.3 NOTE
r-oldrel-windows-ix86+x86_64 0.0.3 4.00 78.00 82.00 OK
r-oldrel-osx-x86_64 0.0.3 NOTE

Check Details

Version: 0.0.3
Check: dependencies in R code
Result: NOTE
    Namespace in Imports field not imported from: ‘smoothmest’
     All declared Imports should be used.
Flavors: r-devel-linux-x86_64-fedora-clang, r-devel-linux-x86_64-fedora-gcc, r-patched-osx-x86_64, r-patched-solaris-x86, r-release-osx-x86_64, r-oldrel-osx-x86_64