CRAN Package Check Results for Package PSF

Last updated on 2020-04-25 01:53:13 CEST.

Flavor Version Tinstall Tcheck Ttotal Status Flags
r-devel-linux-x86_64-debian-clang 0.4 2.54 95.95 98.49 NOTE
r-devel-linux-x86_64-debian-gcc 0.4 2.30 102.92 105.22 NOTE
r-devel-linux-x86_64-fedora-clang 0.4 92.73 NOTE
r-devel-linux-x86_64-fedora-gcc 0.4 85.52 NOTE
r-devel-windows-ix86+x86_64 0.4 17.00 81.00 98.00 NOTE
r-patched-linux-x86_64 0.4 2.40 113.29 115.69 NOTE
r-patched-osx-x86_64 0.4 WARN
r-patched-solaris-x86 0.4 92.90 NOTE
r-release-linux-x86_64 0.4 1.90 96.10 98.00 OK
r-release-windows-ix86+x86_64 0.4 11.00 74.00 85.00 OK
r-release-osx-x86_64 0.4 NOTE
r-oldrel-windows-ix86+x86_64 0.4 3.00 67.00 70.00 OK
r-oldrel-osx-x86_64 0.4 NOTE

Check Details

Version: 0.4
Check: package vignettes
Result: NOTE
    Package vignette with placeholder title 'Vignette Title':
     'PSF_vignette.Rmd'
Flavors: r-devel-linux-x86_64-debian-clang, r-devel-linux-x86_64-debian-gcc, r-devel-windows-ix86+x86_64, r-patched-linux-x86_64

Version: 0.4
Check: dependencies in R code
Result: NOTE
    Namespaces in Imports field not imported from:
     ‘forecast’ ‘knitr’
     All declared Imports should be used.
Flavors: r-devel-linux-x86_64-fedora-clang, r-devel-linux-x86_64-fedora-gcc, r-patched-osx-x86_64, r-patched-solaris-x86, r-release-osx-x86_64, r-oldrel-osx-x86_64

Version: 0.4
Check: re-building of vignette outputs
Result: WARN
    Error(s) in re-building vignettes:
     ...
    --- re-building ‘PSF_vignette.Rmd’ using rmarkdown
    dyld: lazy symbol binding failed: Symbol not found: ____chkstk_darwin
     Referenced from: /usr/local/bin/pandoc (which was built for Mac OS X 10.15)
     Expected in: /usr/lib/libSystem.B.dylib
    
    dyld: Symbol not found: ____chkstk_darwin
     Referenced from: /usr/local/bin/pandoc (which was built for Mac OS X 10.15)
     Expected in: /usr/lib/libSystem.B.dylib
    
    Error: processing vignette 'PSF_vignette.Rmd' failed with diagnostics:
    pandoc document conversion failed with error 6
    --- failed re-building ‘PSF_vignette.Rmd’
    
    SUMMARY: processing the following file failed:
     ‘PSF_vignette.Rmd’
    
    Error: Vignette re-building failed.
    Execution halted
Flavor: r-patched-osx-x86_64