Last updated on 2020-04-25 01:53:13 CEST.
Flavor | Version | Tinstall | Tcheck | Ttotal | Status | Flags |
---|---|---|---|---|---|---|
r-devel-linux-x86_64-debian-clang | 1.0.2 | 51.43 | 58.64 | 110.07 | OK | |
r-devel-linux-x86_64-debian-gcc | 1.0.2 | 37.98 | 48.43 | 86.41 | OK | |
r-devel-linux-x86_64-fedora-clang | 1.0.2 | 151.30 | NOTE | |||
r-devel-linux-x86_64-fedora-gcc | 1.0.2 | 146.95 | NOTE | |||
r-devel-windows-ix86+x86_64 | 1.0.2 | 111.00 | 137.00 | 248.00 | OK | |
r-patched-linux-x86_64 | 1.0.2 | 44.38 | 60.25 | 104.63 | OK | |
r-patched-osx-x86_64 | 1.0.2 | NOTE | ||||
r-patched-solaris-x86 | 1.0.2 | 167.90 | OK | |||
r-release-linux-x86_64 | 1.0.2 | 42.93 | 54.82 | 97.75 | OK | |
r-release-windows-ix86+x86_64 | 1.0.2 | 92.00 | 97.00 | 189.00 | OK | |
r-release-osx-x86_64 | 1.0.2 | NOTE | ||||
r-oldrel-windows-ix86+x86_64 | 1.0.2 | 64.00 | 124.00 | 188.00 | OK | |
r-oldrel-osx-x86_64 | 1.0.2 | NOTE |
Version: 1.0.2
Check: installed package size
Result: NOTE
installed size is 9.8Mb
sub-directories of 1Mb or more:
libs 9.3Mb
Flavors: r-devel-linux-x86_64-fedora-clang, r-patched-osx-x86_64, r-release-osx-x86_64, r-oldrel-osx-x86_64
Version: 1.0.2
Check: compiled code
Result: NOTE
File ‘PRIMAL/libs/PRIMAL.so’:
Found no calls to: ‘R_registerRoutines’, ‘R_useDynamicSymbols’
It is good practice to register native routines and to disable symbol
search.
See ‘Writing portable packages’ in the ‘Writing R Extensions’ manual.
Flavors: r-devel-linux-x86_64-fedora-clang, r-devel-linux-x86_64-fedora-gcc