CRAN Package Check Results for Package PLmixed

Last updated on 2020-04-25 01:53:12 CEST.

Flavor Version Tinstall Tcheck Ttotal Status Flags
r-devel-linux-x86_64-debian-clang 0.1.4 9.82 414.79 424.61 OK
r-devel-linux-x86_64-debian-gcc 0.1.4 8.76 319.27 328.03 OK
r-devel-linux-x86_64-fedora-clang 0.1.4 529.49 OK
r-devel-linux-x86_64-fedora-gcc 0.1.4 526.66 OK
r-devel-windows-ix86+x86_64 0.1.4 29.00 116.00 145.00 OK --no-vignettes
r-patched-linux-x86_64 0.1.4 8.33 420.34 428.67 OK
r-patched-osx-x86_64 0.1.4 WARN
r-patched-solaris-x86 0.1.4 154.40 OK --no-vignettes
r-release-linux-x86_64 0.1.4 8.57 407.91 416.48 OK
r-release-windows-ix86+x86_64 0.1.4 21.00 68.00 89.00 OK --no-vignettes
r-release-osx-x86_64 0.1.4 OK
r-oldrel-windows-ix86+x86_64 0.1.4 10.00 103.00 113.00 OK --no-vignettes
r-oldrel-osx-x86_64 0.1.4 OK

Check Details

Version: 0.1.4
Check: re-building of vignette outputs
Result: WARN
    Error(s) in re-building vignettes:
    --- re-building ‘PLmixed_intro.Rmd’ using rmarkdown
    Loading required package: sm
    Package 'sm', version 2.2-5.6: type help(sm) for summary information
    Loading required package: ltm
    Loading required package: MASS
    
    Attaching package: 'MASS'
    
    The following object is masked from 'package:sm':
    
     muscle
    
    Loading required package: msm
    Loading required package: polycor
    dyld: lazy symbol binding failed: Symbol not found: ____chkstk_darwin
     Referenced from: /usr/local/bin/pandoc (which was built for Mac OS X 10.15)
     Expected in: /usr/lib/libSystem.B.dylib
    
    dyld: Symbol not found: ____chkstk_darwin
     Referenced from: /usr/local/bin/pandoc (which was built for Mac OS X 10.15)
     Expected in: /usr/lib/libSystem.B.dylib
    
    Error: processing vignette 'PLmixed_intro.Rmd' failed with diagnostics:
    pandoc document conversion failed with error 6
    --- failed re-building ‘PLmixed_intro.Rmd’
    
    SUMMARY: processing the following file failed:
     ‘PLmixed_intro.Rmd’
    
    Error: Vignette re-building failed.
    Execution halted
Flavor: r-patched-osx-x86_64