CRAN Package Check Results for Package PKPDmodels

Last updated on 2020-04-25 01:53:11 CEST.

Flavor Version Tinstall Tcheck Ttotal Status Flags
r-devel-linux-x86_64-debian-clang 0.3.2 2.14 22.40 24.54 NOTE
r-devel-linux-x86_64-debian-gcc 0.3.2 1.73 18.17 19.90 NOTE
r-devel-linux-x86_64-fedora-clang 0.3.2 33.36 NOTE
r-devel-linux-x86_64-fedora-gcc 0.3.2 31.79 NOTE
r-devel-windows-ix86+x86_64 0.3.2 6.00 53.00 59.00 NOTE
r-patched-linux-x86_64 0.3.2 1.57 22.34 23.91 NOTE
r-patched-osx-x86_64 0.3.2 NOTE
r-patched-solaris-x86 0.3.2 48.60 NOTE
r-release-linux-x86_64 0.3.2 1.50 21.07 22.57 NOTE
r-release-windows-ix86+x86_64 0.3.2 7.00 34.00 41.00 NOTE
r-release-osx-x86_64 0.3.2 NOTE
r-oldrel-windows-ix86+x86_64 0.3.2 2.00 45.00 47.00 NOTE
r-oldrel-osx-x86_64 0.3.2 NOTE

Check Details

Version: 0.3.2
Check: R code for possible problems
Result: NOTE
    PKmod: no visible global function definition for 'deriv'
    Undefined global functions or variables:
     deriv
    Consider adding
     importFrom("stats", "deriv")
    to your NAMESPACE file.
Flavors: r-devel-linux-x86_64-debian-clang, r-devel-linux-x86_64-debian-gcc, r-devel-linux-x86_64-fedora-clang, r-devel-linux-x86_64-fedora-gcc, r-devel-windows-ix86+x86_64, r-patched-linux-x86_64, r-patched-osx-x86_64, r-patched-solaris-x86, r-release-linux-x86_64, r-release-windows-ix86+x86_64, r-release-osx-x86_64, r-oldrel-windows-ix86+x86_64, r-oldrel-osx-x86_64