CRAN Package Check Results for Package PGRdup

Last updated on 2020-04-25 01:53:11 CEST.

Flavor Version Tinstall Tcheck Ttotal Status Flags
r-devel-linux-x86_64-debian-clang 0.2.3.5 9.30 152.24 161.54 OK
r-devel-linux-x86_64-debian-gcc 0.2.3.5 8.24 179.55 187.79 OK
r-devel-linux-x86_64-fedora-clang 0.2.3.5 171.34 OK
r-devel-linux-x86_64-fedora-gcc 0.2.3.5 155.97 OK
r-devel-windows-ix86+x86_64 0.2.3.5 36.00 203.00 239.00 OK
r-patched-linux-x86_64 0.2.3.5 9.74 138.37 148.11 OK
r-patched-osx-x86_64 0.2.3.5 WARN
r-patched-solaris-x86 0.2.3.5 141.90 WARN
r-release-linux-x86_64 0.2.3.5 8.94 139.10 148.04 OK
r-release-windows-ix86+x86_64 0.2.3.5 28.00 180.00 208.00 OK
r-release-osx-x86_64 0.2.3.5 WARN
r-oldrel-windows-ix86+x86_64 0.2.3.5 16.00 156.00 172.00 OK
r-oldrel-osx-x86_64 0.2.3.5 WARN

Check Details

Version: 0.2.3.5
Check: re-building of vignette outputs
Result: WARN
    Error(s) in re-building vignettes:
    --- re-building ‘Introduction.Rmd’ using rmarkdown_notangle
    Fontconfig error: Cannot load default config file
    ERROR: Duplicated records found in prim.key field
    ERROR: NULL records found in prim.key field
    OK: No duplicated records found in prim.key field
    OK: No NULL records found in prim.key field
    Fuzzy matching
    Phonetic matching
    Semantic matching
    Fuzzy matching
    Phonetic matching
    Semantic matching
    dyld: lazy symbol binding failed: Symbol not found: ____chkstk_darwin
     Referenced from: /usr/local/bin/pandoc (which was built for Mac OS X 10.15)
     Expected in: /usr/lib/libSystem.B.dylib
    
    dyld: Symbol not found: ____chkstk_darwin
     Referenced from: /usr/local/bin/pandoc (which was built for Mac OS X 10.15)
     Expected in: /usr/lib/libSystem.B.dylib
    
    Error: processing vignette 'Introduction.Rmd' failed with diagnostics:
    pandoc document conversion failed with error 6
    --- failed re-building ‘Introduction.Rmd’
    
    SUMMARY: processing the following file failed:
     ‘Introduction.Rmd’
    
    Error: Vignette re-building failed.
    Execution halted
Flavor: r-patched-osx-x86_64

Version: 0.2.3.5
Check: re-building of vignette outputs
Result: WARN
    Error(s) in re-building vignettes:
     ...
    --- re-building ‘Introduction.Rmd’ using rmarkdown_notangle
    Warning in engine$weave(file, quiet = quiet, encoding = enc) :
     Pandoc (>= 1.12.3) and/or pandoc-citeproc not available. Falling back to R Markdown v1.
    Quitting from lines 51-62 (Introduction.Rmd)
    Error: processing vignette 'Introduction.Rmd' failed with diagnostics:
    EXPR must be a length 1 vector
    --- failed re-building ‘Introduction.Rmd’
    
    SUMMARY: processing the following file failed:
     ‘Introduction.Rmd’
    
    Error: Vignette re-building failed.
    Execution halted
Flavors: r-patched-solaris-x86, r-release-osx-x86_64

Version: 0.2.3.5
Check: re-building of vignette outputs
Result: WARN
    Error in re-building vignettes:
     ...
    Warning in engine$weave(file, quiet = quiet, encoding = enc) :
     Pandoc (>= 1.12.3) and/or pandoc-citeproc not available. Falling back to R Markdown v1.
    Quitting from lines 51-62 (Introduction.Rmd)
    Error: processing vignette 'Introduction.Rmd' failed with diagnostics:
    EXPR must be a length 1 vector
    Execution halted
Flavor: r-oldrel-osx-x86_64