CRAN Package Check Results for Package PAFway

Last updated on 2020-04-25 01:53:10 CEST.

Flavor Version Tinstall Tcheck Ttotal Status Flags
r-devel-linux-x86_64-debian-clang 0.1.3 2.61 158.33 160.94 OK
r-devel-linux-x86_64-debian-gcc 0.1.3 1.94 114.98 116.92 OK
r-devel-linux-x86_64-fedora-clang 0.1.3 191.57 NOTE
r-devel-linux-x86_64-fedora-gcc 0.1.3 196.90 NOTE
r-devel-windows-ix86+x86_64 0.1.3 11.00 203.00 214.00 OK
r-patched-linux-x86_64 0.1.3 2.19 148.94 151.13 OK
r-patched-osx-x86_64 0.1.3 WARN
r-patched-solaris-x86 0.1.3 229.30 NOTE
r-release-linux-x86_64 0.1.3 1.58 134.66 136.24 OK
r-release-windows-ix86+x86_64 0.1.3 8.00 193.00 201.00 OK
r-release-osx-x86_64 0.1.3 NOTE
r-oldrel-windows-ix86+x86_64 0.1.3 3.00 277.00 280.00 OK
r-oldrel-osx-x86_64 0.1.3 NOTE

Check Details

Version: 0.1.3
Check: dependencies in R code
Result: NOTE
    Namespaces in Imports field not imported from:
     ‘network’ ‘scales’ ‘sna’
     All declared Imports should be used.
Flavors: r-devel-linux-x86_64-fedora-clang, r-devel-linux-x86_64-fedora-gcc, r-patched-osx-x86_64, r-patched-solaris-x86, r-release-osx-x86_64, r-oldrel-osx-x86_64

Version: 0.1.3
Check: re-building of vignette outputs
Result: WARN
    Error(s) in re-building vignettes:
    --- re-building ‘index.Rmd’ using rmarkdown
    Warning in doTryCatch(return(expr), name, parentenv, handler) :
     "fig.height" is not a graphical parameter
    Warning in doTryCatch(return(expr), name, parentenv, handler) :
     "fig.width" is not a graphical parameter
    Warning in doTryCatch(return(expr), name, parentenv, handler) :
     "fig.height" is not a graphical parameter
    Warning in doTryCatch(return(expr), name, parentenv, handler) :
     "fig.width" is not a graphical parameter
    Warning in doTryCatch(return(expr), name, parentenv, handler) :
     "fig.height" is not a graphical parameter
    Warning in doTryCatch(return(expr), name, parentenv, handler) :
     "fig.width" is not a graphical parameter
    Warning in doTryCatch(return(expr), name, parentenv, handler) :
     "fig.height" is not a graphical parameter
    Warning in doTryCatch(return(expr), name, parentenv, handler) :
     "fig.width" is not a graphical parameter
    Warning in doTryCatch(return(expr), name, parentenv, handler) :
     "fig.height" is not a graphical parameter
    Warning in doTryCatch(return(expr), name, parentenv, handler) :
     "fig.width" is not a graphical parameter
    Warning in doTryCatch(return(expr), name, parentenv, handler) :
     "fig.height" is not a graphical parameter
    Warning in doTryCatch(return(expr), name, parentenv, handler) :
     "fig.width" is not a graphical parameter
    Warning in doTryCatch(return(expr), name, parentenv, handler) :
     "fig.height" is not a graphical parameter
    Warning in doTryCatch(return(expr), name, parentenv, handler) :
     "fig.width" is not a graphical parameter
    Warning in doTryCatch(return(expr), name, parentenv, handler) :
     "fig.height" is not a graphical parameter
    Warning in doTryCatch(return(expr), name, parentenv, handler) :
     "fig.width" is not a graphical parameter
    Warning in doTryCatch(return(expr), name, parentenv, handler) :
     "fig.height" is not a graphical parameter
    Warning in doTryCatch(return(expr), name, parentenv, handler) :
     "fig.width" is not a graphical parameter
    dyld: lazy symbol binding failed: Symbol not found: ____chkstk_darwin
     Referenced from: /usr/local/bin/pandoc (which was built for Mac OS X 10.15)
     Expected in: /usr/lib/libSystem.B.dylib
    
    dyld: Symbol not found: ____chkstk_darwin
     Referenced from: /usr/local/bin/pandoc (which was built for Mac OS X 10.15)
     Expected in: /usr/lib/libSystem.B.dylib
    
    Error: processing vignette 'index.Rmd' failed with diagnostics:
    pandoc document conversion failed with error 6
    --- failed re-building ‘index.Rmd’
    
    SUMMARY: processing the following file failed:
     ‘index.Rmd’
    
    Error: Vignette re-building failed.
    Execution halted
Flavor: r-patched-osx-x86_64