Last updated on 2020-04-25 01:53:10 CEST.
Flavor | Version | Tinstall | Tcheck | Ttotal | Status | Flags |
---|---|---|---|---|---|---|
r-devel-linux-x86_64-debian-clang | 1.0.1.8 | 40.60 | 194.66 | 235.26 | OK | |
r-devel-linux-x86_64-debian-gcc | 1.0.1.8 | 27.58 | 150.00 | 177.58 | OK | |
r-devel-linux-x86_64-fedora-clang | 1.0.1.8 | 304.71 | OK | |||
r-devel-linux-x86_64-fedora-gcc | 1.0.1.8 | 275.04 | OK | |||
r-devel-windows-ix86+x86_64 | 1.0.1.8 | 102.00 | 408.00 | 510.00 | OK | |
r-patched-linux-x86_64 | 1.0.1.8 | 38.60 | 186.92 | 225.52 | OK | |
r-patched-osx-x86_64 | 1.0.1.8 | OK | ||||
r-patched-solaris-x86 | 1.0.1.8 | 380.70 | OK | |||
r-release-linux-x86_64 | 1.0.1.8 | 35.22 | 172.15 | 207.37 | OK | |
r-release-windows-ix86+x86_64 | 1.0.1.8 | 85.00 | 373.00 | 458.00 | OK | |
r-release-osx-x86_64 | 1.0.1.8 | WARN | ||||
r-oldrel-windows-ix86+x86_64 | 1.0.1.8 | 55.00 | 302.00 | 357.00 | OK | |
r-oldrel-osx-x86_64 | 1.0.1.8 | OK |
Version: 1.0.1.8
Check: dependencies in R code
Result: NOTE
No protocol specified
No protocol specified
Flavor: r-release-osx-x86_64
Version: 1.0.1.8
Check: S3 generic/method consistency
Result: WARN
No protocol specified
No protocol specified
See section ‘Generic functions and methods’ in the ‘Writing R
Extensions’ manual.
Flavor: r-release-osx-x86_64
Version: 1.0.1.8
Check: replacement functions
Result: WARN
No protocol specified
No protocol specified
The argument of a replacement function which corresponds to the right
hand side must be named ‘value’.
Flavor: r-release-osx-x86_64
Version: 1.0.1.8
Check: foreign function calls
Result: NOTE
No protocol specified
No protocol specified
See chapter ‘System and foreign language interfaces’ in the ‘Writing R
Extensions’ manual.
Flavor: r-release-osx-x86_64
Version: 1.0.1.8
Check: R code for possible problems
Result: NOTE
No protocol specified
No protocol specified
Flavor: r-release-osx-x86_64
Version: 1.0.1.8
Check: for missing documentation entries
Result: WARN
No protocol specified
No protocol specified
All user-level objects in a package should have documentation entries.
See chapter ‘Writing R documentation files’ in the ‘Writing R
Extensions’ manual.
Flavor: r-release-osx-x86_64
Version: 1.0.1.8
Check: for code/documentation mismatches
Result: WARN
No protocol specified
No protocol specified
No protocol specified
No protocol specified
No protocol specified
No protocol specified
Flavor: r-release-osx-x86_64
Version: 1.0.1.8
Check: Rd \usage sections
Result: NOTE
No protocol specified
No protocol specified
The \usage entries for S3 methods should use the \method markup and not
their full name.
See chapter ‘Writing R documentation files’ in the ‘Writing R
Extensions’ manual.
Flavor: r-release-osx-x86_64