CRAN Package Check Results for Package OwenQ

Last updated on 2020-04-25 01:53:10 CEST.

Flavor Version Tinstall Tcheck Ttotal Status Flags
r-devel-linux-x86_64-debian-clang 1.0.3 65.51 252.58 318.09 OK
r-devel-linux-x86_64-debian-gcc 1.0.3 49.63 190.27 239.90 OK
r-devel-linux-x86_64-fedora-clang 1.0.3 416.45 NOTE
r-devel-linux-x86_64-fedora-gcc 1.0.3 388.52 OK
r-devel-windows-ix86+x86_64 1.0.3 169.00 354.00 523.00 OK
r-patched-linux-x86_64 1.0.3 62.52 244.97 307.49 OK
r-patched-osx-x86_64 1.0.3 WARN
r-patched-solaris-x86 1.0.3 394.00 OK
r-release-linux-x86_64 1.0.3 58.33 213.42 271.75 OK
r-release-windows-ix86+x86_64 1.0.3 160.00 316.00 476.00 OK
r-release-osx-x86_64 1.0.3 NOTE
r-oldrel-windows-ix86+x86_64 1.0.3 106.00 373.00 479.00 OK
r-oldrel-osx-x86_64 1.0.3 NOTE

Check Details

Version: 1.0.3
Check: installed package size
Result: NOTE
     installed size is 10.6Mb
     sub-directories of 1Mb or more:
     libs 10.2Mb
Flavors: r-devel-linux-x86_64-fedora-clang, r-patched-osx-x86_64, r-release-osx-x86_64, r-oldrel-osx-x86_64

Version: 1.0.3
Check: re-building of vignette outputs
Result: WARN
    Error(s) in re-building vignettes:
    --- re-building ‘OwenQ.Rmd’ using rmarkdown
    dyld: lazy symbol binding failed: Symbol not found: ____chkstk_darwin
     Referenced from: /usr/local/bin/pandoc (which was built for Mac OS X 10.15)
     Expected in: /usr/lib/libSystem.B.dylib
    
    dyld: Symbol not found: ____chkstk_darwin
     Referenced from: /usr/local/bin/pandoc (which was built for Mac OS X 10.15)
     Expected in: /usr/lib/libSystem.B.dylib
    
    Error: processing vignette 'OwenQ.Rmd' failed with diagnostics:
    pandoc document conversion failed with error 6
    --- failed re-building ‘OwenQ.Rmd’
    
    --- re-building ‘Validation.Rmd’ using rmarkdown
    dyld: lazy symbol binding failed: Symbol not found: ____chkstk_darwin
     Referenced from: /usr/local/bin/pandoc (which was built for Mac OS X 10.15)
     Expected in: /usr/lib/libSystem.B.dylib
    
    dyld: Symbol not found: ____chkstk_darwin
     Referenced from: /usr/local/bin/pandoc (which was built for Mac OS X 10.15)
     Expected in: /usr/lib/libSystem.B.dylib
    
    Error: processing vignette 'Validation.Rmd' failed with diagnostics:
    pandoc document conversion failed with error 6
    --- failed re-building ‘Validation.Rmd’
    
    SUMMARY: processing the following files failed:
     ‘OwenQ.Rmd’ ‘Validation.Rmd’
    
    Error: Vignette re-building failed.
    Execution halted
Flavor: r-patched-osx-x86_64