CRAN Package Check Results for Package OptimalDesign

Last updated on 2020-04-25 01:53:10 CEST.

Flavor Version Tinstall Tcheck Ttotal Status Flags
r-devel-linux-x86_64-debian-clang 1.0.1 9.32 56.94 66.26 NOTE
r-devel-linux-x86_64-debian-gcc 1.0.1 8.76 43.18 51.94 NOTE
r-devel-linux-x86_64-fedora-clang 1.0.1 82.04 NOTE
r-devel-linux-x86_64-fedora-gcc 1.0.1 79.53 NOTE
r-devel-windows-ix86+x86_64 1.0.1 27.00 84.00 111.00 NOTE
r-patched-linux-x86_64 1.0.1 9.90 55.50 65.40 NOTE
r-patched-osx-x86_64 1.0.1 NOTE
r-patched-solaris-x86 1.0.1 103.60 NOTE
r-release-linux-x86_64 1.0.1 8.33 50.46 58.79 NOTE
r-release-windows-ix86+x86_64 1.0.1 19.00 62.00 81.00 NOTE
r-release-osx-x86_64 1.0.1 NOTE
r-oldrel-windows-ix86+x86_64 1.0.1 12.00 82.00 94.00 NOTE
r-oldrel-osx-x86_64 1.0.1 NOTE

Check Details

Version: 1.0.1
Check: package dependencies
Result: NOTE
    Package which this enhances but not available for checking: 'gurobi'
Flavors: r-devel-linux-x86_64-debian-clang, r-devel-linux-x86_64-debian-gcc, r-devel-linux-x86_64-fedora-clang, r-devel-linux-x86_64-fedora-gcc, r-devel-windows-ix86+x86_64, r-patched-linux-x86_64, r-patched-osx-x86_64, r-patched-solaris-x86, r-release-linux-x86_64, r-release-windows-ix86+x86_64, r-release-osx-x86_64, r-oldrel-windows-ix86+x86_64, r-oldrel-osx-x86_64

Version: 1.0.1
Check: dependencies in R code
Result: NOTE
    No protocol specified
Flavors: r-release-osx-x86_64, r-oldrel-osx-x86_64