CRAN Package Check Results for Package OneArmPhaseTwoStudy

Last updated on 2020-04-25 01:53:09 CEST.

Flavor Version Tinstall Tcheck Ttotal Status Flags
r-devel-linux-x86_64-debian-clang 1.0.3 59.85 76.92 136.77 OK
r-devel-linux-x86_64-debian-gcc 1.0.3 47.35 61.50 108.85 OK
r-devel-linux-x86_64-fedora-clang 1.0.3 205.00 NOTE
r-devel-linux-x86_64-fedora-gcc 1.0.3 183.11 OK
r-devel-windows-ix86+x86_64 1.0.3 153.00 192.00 345.00 OK
r-patched-linux-x86_64 1.0.3 52.54 79.75 132.29 OK
r-patched-osx-x86_64 1.0.3 NOTE
r-patched-solaris-x86 1.0.3 195.50 OK
r-release-linux-x86_64 1.0.3 51.67 74.92 126.59 OK
r-release-windows-ix86+x86_64 1.0.3 143.00 137.00 280.00 OK
r-release-osx-x86_64 1.0.3 OK
r-oldrel-windows-ix86+x86_64 1.0.3 102.00 171.00 273.00 OK
r-oldrel-osx-x86_64 1.0.3 OK

Additional issues

clang-UBSAN gcc-UBSAN valgrind

Check Details

Version: 1.0.3
Check: installed package size
Result: NOTE
     installed size is 6.0Mb
     sub-directories of 1Mb or more:
     libs 5.8Mb
Flavors: r-devel-linux-x86_64-fedora-clang, r-patched-osx-x86_64