CRAN Package Check Results for Package OGI

Last updated on 2020-04-25 01:53:09 CEST.

Flavor Version Tinstall Tcheck Ttotal Status Flags
r-devel-linux-x86_64-debian-clang 1.0.0 1.96 20.80 22.76 OK
r-devel-linux-x86_64-debian-gcc 1.0.0 1.56 16.91 18.47 OK
r-devel-linux-x86_64-fedora-clang 1.0.0 29.22 NOTE
r-devel-linux-x86_64-fedora-gcc 1.0.0 27.40 NOTE
r-devel-windows-ix86+x86_64 1.0.0 8.00 46.00 54.00 OK
r-patched-linux-x86_64 1.0.0 1.93 20.93 22.86 OK
r-patched-osx-x86_64 1.0.0 NOTE
r-patched-solaris-x86 1.0.0 43.40 NOTE
r-release-linux-x86_64 1.0.0 1.52 19.25 20.77 OK
r-release-windows-ix86+x86_64 1.0.0 7.00 45.00 52.00 OK
r-release-osx-x86_64 1.0.0 NOTE
r-oldrel-windows-ix86+x86_64 1.0.0 3.00 38.00 41.00 OK
r-oldrel-osx-x86_64 1.0.0 NOTE

Check Details

Version: 1.0.0
Check: dependencies in R code
Result: NOTE
    Namespace in Imports field not imported from: ‘methods’
     All declared Imports should be used.
Flavors: r-devel-linux-x86_64-fedora-clang, r-devel-linux-x86_64-fedora-gcc, r-patched-osx-x86_64, r-patched-solaris-x86, r-release-osx-x86_64, r-oldrel-osx-x86_64