Last updated on 2020-04-25 01:53:09 CEST.
Flavor | Version | Tinstall | Tcheck | Ttotal | Status | Flags |
---|---|---|---|---|---|---|
r-devel-linux-x86_64-debian-clang | 1.4.2 | 435.04 | 70.17 | 505.21 | OK | |
r-devel-linux-x86_64-debian-gcc | 1.4.2 | 247.11 | 53.97 | 301.08 | OK | |
r-devel-linux-x86_64-fedora-clang | 1.4.2 | 893.96 | NOTE | |||
r-devel-linux-x86_64-fedora-gcc | 1.4.2 | 590.24 | OK | |||
r-devel-windows-ix86+x86_64 | 1.4.2 | 1099.00 | 157.00 | 1256.00 | NOTE | |
r-patched-linux-x86_64 | 1.4.2 | 305.66 | 68.65 | 374.31 | OK | |
r-patched-osx-x86_64 | 1.4.2 | NOTE | ||||
r-patched-solaris-x86 | 1.4.2 | 563.80 | NOTE | |||
r-release-linux-x86_64 | 1.4.2 | 306.29 | 64.99 | 371.28 | OK | |
r-release-windows-ix86+x86_64 | 1.4.2 | 1268.00 | 153.00 | 1421.00 | NOTE | |
r-release-osx-x86_64 | 1.4.2 | NOTE | ||||
r-oldrel-windows-ix86+x86_64 | 1.4.2 | 966.00 | 132.00 | 1098.00 | NOTE | |
r-oldrel-osx-x86_64 | 1.4.2 | NOTE |
Version: 1.4.2
Check: installed package size
Result: NOTE
installed size is 28.6Mb
sub-directories of 1Mb or more:
doc 7.4Mb
libs 20.8Mb
Flavors: r-devel-linux-x86_64-fedora-clang, r-devel-windows-ix86+x86_64, r-patched-osx-x86_64, r-patched-solaris-x86, r-release-windows-ix86+x86_64, r-release-osx-x86_64, r-oldrel-windows-ix86+x86_64, r-oldrel-osx-x86_64