CRAN Package Check Results for Package NoiseFiltersR

Last updated on 2020-04-25 01:53:09 CEST.

Flavor Version Tinstall Tcheck Ttotal Status Flags
r-devel-linux-x86_64-debian-clang 0.1.0 6.42 76.23 82.65 OK
r-devel-linux-x86_64-debian-gcc 0.1.0 5.45 59.96 65.41 OK
r-devel-linux-x86_64-fedora-clang 0.1.0 104.74 NOTE
r-devel-linux-x86_64-fedora-gcc 0.1.0 104.07 NOTE
r-devel-windows-ix86+x86_64 0.1.0 20.00 127.00 147.00 OK
r-patched-linux-x86_64 0.1.0 6.38 76.56 82.94 OK
r-patched-osx-x86_64 0.1.0 NOTE
r-release-linux-x86_64 0.1.0 5.89 71.38 77.27 OK
r-release-windows-ix86+x86_64 0.1.0 14.00 113.00 127.00 OK
r-release-osx-x86_64 0.1.0 NOTE
r-oldrel-windows-ix86+x86_64 0.1.0 7.00 93.00 100.00 OK
r-oldrel-osx-x86_64 0.1.0 NOTE

Check Details

Version: 0.1.0
Check: dependencies in R code
Result: NOTE
    Namespace in Imports field not imported from: ‘rJava’
     All declared Imports should be used.
Flavors: r-devel-linux-x86_64-fedora-clang, r-devel-linux-x86_64-fedora-gcc, r-patched-osx-x86_64, r-release-osx-x86_64, r-oldrel-osx-x86_64