CRAN Package Check Results for Package NetworkDistance

Last updated on 2020-04-25 01:53:09 CEST.

Flavor Version Tinstall Tcheck Ttotal Status Flags
r-devel-linux-x86_64-debian-clang 0.3.2 75.46 100.18 175.64 OK
r-devel-linux-x86_64-debian-gcc 0.3.2 51.40 80.22 131.62 OK
r-devel-linux-x86_64-fedora-clang 0.3.2 238.91 OK
r-devel-linux-x86_64-fedora-gcc 0.3.2 217.52 OK
r-devel-windows-ix86+x86_64 0.3.2 212.00 228.00 440.00 OK
r-patched-linux-x86_64 0.3.2 62.36 98.15 160.51 OK
r-patched-osx-x86_64 0.3.2 WARN
r-patched-solaris-x86 0.3.2 262.80 OK
r-release-linux-x86_64 0.3.2 56.59 88.46 145.05 OK
r-release-windows-ix86+x86_64 0.3.2 179.00 190.00 369.00 OK
r-release-osx-x86_64 0.3.2 OK
r-oldrel-windows-ix86+x86_64 0.3.2 130.00 151.00 281.00 OK
r-oldrel-osx-x86_64 0.3.2 OK

Check Details

Version: 0.3.2
Check: re-building of vignette outputs
Result: WARN
    Error(s) in re-building vignettes:
     ...
    --- re-building ‘basics.Rmd’ using rmarkdown
    dyld: lazy symbol binding failed: Symbol not found: ____chkstk_darwin
     Referenced from: /usr/local/bin/pandoc (which was built for Mac OS X 10.15)
     Expected in: /usr/lib/libSystem.B.dylib
    
    dyld: Symbol not found: ____chkstk_darwin
     Referenced from: /usr/local/bin/pandoc (which was built for Mac OS X 10.15)
     Expected in: /usr/lib/libSystem.B.dylib
    
    Error: processing vignette 'basics.Rmd' failed with diagnostics:
    pandoc document conversion failed with error 6
    --- failed re-building ‘basics.Rmd’
    
    SUMMARY: processing the following file failed:
     ‘basics.Rmd’
    
    Error: Vignette re-building failed.
    Execution halted
Flavor: r-patched-osx-x86_64