Last updated on 2020-04-25 01:53:09 CEST.
Flavor | Version | Tinstall | Tcheck | Ttotal | Status | Flags |
---|---|---|---|---|---|---|
r-devel-linux-x86_64-debian-clang | 0.6 | 24.52 | 148.53 | 173.05 | OK | |
r-devel-linux-x86_64-debian-gcc | 0.6 | 20.54 | 114.92 | 135.46 | OK | |
r-devel-linux-x86_64-fedora-clang | 0.6 | 208.09 | NOTE | |||
r-devel-linux-x86_64-fedora-gcc | 0.6 | 205.21 | NOTE | |||
r-devel-windows-ix86+x86_64 | 0.6 | 87.00 | 245.00 | 332.00 | OK | |
r-patched-linux-x86_64 | 0.6 | 20.94 | 142.24 | 163.18 | OK | |
r-patched-osx-x86_64 | 0.6 | NOTE | ||||
r-patched-solaris-x86 | 0.6 | 305.20 | NOTE | |||
r-release-linux-x86_64 | 0.6 | 15.01 | 129.07 | 144.08 | OK | |
r-release-windows-ix86+x86_64 | 0.6 | 64.00 | 207.00 | 271.00 | OK | |
r-release-osx-x86_64 | 0.6 | NOTE | ||||
r-oldrel-windows-ix86+x86_64 | 0.6 | 24.00 | 162.00 | 186.00 | OK | |
r-oldrel-osx-x86_64 | 0.6 | NOTE |
Version: 0.6
Check: dependencies in R code
Result: NOTE
Namespace in Imports field not imported from: ‘sna’
All declared Imports should be used.
Flavors: r-devel-linux-x86_64-fedora-clang, r-devel-linux-x86_64-fedora-gcc, r-patched-osx-x86_64, r-patched-solaris-x86, r-release-osx-x86_64, r-oldrel-osx-x86_64