CRAN Package Check Results for Package NLMR

Last updated on 2020-04-25 01:53:09 CEST.

Flavor Version Tinstall Tcheck Ttotal Status Flags
r-devel-linux-x86_64-debian-clang 1.0 33.65 96.31 129.96 OK
r-devel-linux-x86_64-debian-gcc 1.0 20.43 72.43 92.86 OK
r-devel-linux-x86_64-fedora-clang 1.0 174.55 OK
r-devel-linux-x86_64-fedora-gcc 1.0 155.14 OK
r-devel-windows-ix86+x86_64 1.0 96.00 237.00 333.00 OK
r-patched-linux-x86_64 1.0 25.64 93.38 119.02 OK
r-patched-osx-x86_64 1.0 WARN
r-patched-solaris-x86 1.0 186.90 OK
r-release-linux-x86_64 1.0 23.78 82.73 106.51 OK
r-release-windows-ix86+x86_64 1.0 83.00 224.00 307.00 OK
r-release-osx-x86_64 1.0 OK
r-oldrel-windows-ix86+x86_64 1.0 65.00 136.00 201.00 OK
r-oldrel-osx-x86_64 1.0 OK

Check Details

Version: 1.0
Check: re-building of vignette outputs
Result: WARN
    Error(s) in re-building vignettes:
     ...
    --- re-building ‘getstarted.Rmd’ using rmarkdown
    dyld: lazy symbol binding failed: Symbol not found: ____chkstk_darwin
     Referenced from: /usr/local/bin/pandoc (which was built for Mac OS X 10.15)
     Expected in: /usr/lib/libSystem.B.dylib
    
    dyld: Symbol not found: ____chkstk_darwin
     Referenced from: /usr/local/bin/pandoc (which was built for Mac OS X 10.15)
     Expected in: /usr/lib/libSystem.B.dylib
    
    Error: processing vignette 'getstarted.Rmd' failed with diagnostics:
    pandoc document conversion failed with error 6
    --- failed re-building ‘getstarted.Rmd’
    
    SUMMARY: processing the following file failed:
     ‘getstarted.Rmd’
    
    Error: Vignette re-building failed.
    Execution halted
Flavor: r-patched-osx-x86_64