CRAN Package Check Results for Package NISTunits

Last updated on 2020-04-25 01:53:09 CEST.

Flavor Version Tinstall Tcheck Ttotal Status Flags
r-devel-linux-x86_64-debian-clang 1.0.1 13.64 89.73 103.37 NOTE
r-devel-linux-x86_64-debian-gcc 1.0.1 11.02 71.18 82.20 NOTE
r-devel-linux-x86_64-fedora-clang 1.0.1 130.49 NOTE
r-devel-linux-x86_64-fedora-gcc 1.0.1 122.42 NOTE
r-devel-windows-ix86+x86_64 1.0.1 37.00 221.00 258.00 NOTE
r-patched-linux-x86_64 1.0.1 13.08 88.46 101.54 NOTE
r-patched-osx-x86_64 1.0.1 NOTE
r-patched-solaris-x86 1.0.1 145.70 NOTE
r-release-linux-x86_64 1.0.1 13.47 85.51 98.98 NOTE
r-release-windows-ix86+x86_64 1.0.1 28.00 202.00 230.00 NOTE
r-release-osx-x86_64 1.0.1 NOTE
r-oldrel-windows-ix86+x86_64 1.0.1 25.00 119.00 144.00 NOTE
r-oldrel-osx-x86_64 1.0.1 NOTE

Check Details

Version: 1.0.1
Check: DESCRIPTION meta-information
Result: NOTE
    Malformed Description field: should contain one or more complete sentences.
Flavors: r-devel-linux-x86_64-debian-clang, r-devel-linux-x86_64-debian-gcc, r-devel-linux-x86_64-fedora-clang, r-devel-linux-x86_64-fedora-gcc, r-devel-windows-ix86+x86_64, r-patched-linux-x86_64, r-patched-osx-x86_64, r-patched-solaris-x86, r-release-linux-x86_64, r-release-windows-ix86+x86_64, r-release-osx-x86_64, r-oldrel-windows-ix86+x86_64, r-oldrel-osx-x86_64

Version: 1.0.1
Check: data for non-ASCII characters
Result: NOTE
     Note: found 170 marked UTF-8 strings
Flavors: r-devel-linux-x86_64-fedora-clang, r-devel-linux-x86_64-fedora-gcc, r-patched-osx-x86_64, r-patched-solaris-x86, r-release-osx-x86_64, r-oldrel-osx-x86_64