CRAN Package Check Results for Package NAM

Last updated on 2020-04-25 01:53:09 CEST.

Flavor Version Tinstall Tcheck Ttotal Status Flags
r-devel-linux-x86_64-debian-clang 1.7.3 48.94 74.60 123.54 OK
r-devel-linux-x86_64-debian-gcc 1.7.3 40.12 58.00 98.12 OK
r-devel-linux-x86_64-fedora-clang 1.7.3 173.32 NOTE
r-devel-linux-x86_64-fedora-gcc 1.7.3 163.27 OK
r-devel-windows-ix86+x86_64 1.7.3 104.00 140.00 244.00 OK
r-patched-linux-x86_64 1.7.3 41.69 74.16 115.85 OK
r-patched-osx-x86_64 1.7.3 NOTE
r-patched-solaris-x86 1.7.3 181.80 OK
r-release-linux-x86_64 1.7.3 41.30 68.38 109.68 OK
r-release-windows-ix86+x86_64 1.7.3 104.00 121.00 225.00 OK
r-release-osx-x86_64 1.7.3 NOTE
r-oldrel-windows-ix86+x86_64 1.7.3 84.00 102.00 186.00 OK
r-oldrel-osx-x86_64 1.7.3 NOTE

Check Details

Version: 1.7.3
Check: installed package size
Result: NOTE
     installed size is 7.8Mb
     sub-directories of 1Mb or more:
     libs 5.5Mb
Flavors: r-devel-linux-x86_64-fedora-clang, r-patched-osx-x86_64, r-release-osx-x86_64, r-oldrel-osx-x86_64