CRAN Package Check Results for Package Myrrixjars

Last updated on 2020-04-25 01:53:09 CEST.

Flavor Version Tinstall Tcheck Ttotal Status Flags
r-devel-linux-x86_64-debian-clang 1.0-2 3.76 22.75 26.51 OK
r-devel-linux-x86_64-debian-gcc 1.0-2 3.53 17.98 21.51 OK
r-devel-linux-x86_64-fedora-clang 1.0-2 34.14 NOTE
r-devel-linux-x86_64-fedora-gcc 1.0-2 33.08 OK
r-devel-windows-ix86+x86_64 1.0-2 13.00 47.00 60.00 NOTE
r-patched-linux-x86_64 1.0-2 4.13 23.10 27.23 OK
r-patched-osx-x86_64 1.0-2 NOTE
r-patched-solaris-x86 1.0-2 54.50 NOTE
r-release-linux-x86_64 1.0-2 3.45 20.65 24.10 OK
r-release-windows-ix86+x86_64 1.0-2 9.00 34.00 43.00 NOTE
r-release-osx-x86_64 1.0-2 NOTE
r-oldrel-windows-ix86+x86_64 1.0-2 8.00 33.00 41.00 NOTE
r-oldrel-osx-x86_64 1.0-2 NOTE

Check Details

Version: 1.0-2
Check: installed package size
Result: NOTE
     installed size is 13.9Mb
     sub-directories of 1Mb or more:
     java 13.8Mb
Flavors: r-devel-linux-x86_64-fedora-clang, r-devel-windows-ix86+x86_64, r-patched-osx-x86_64, r-patched-solaris-x86, r-release-windows-ix86+x86_64, r-release-osx-x86_64, r-oldrel-windows-ix86+x86_64, r-oldrel-osx-x86_64