CRAN Package Check Results for Package MuMIn

Last updated on 2020-04-25 01:53:08 CEST.

Flavor Version Tinstall Tcheck Ttotal Status Flags
r-devel-linux-x86_64-debian-clang 1.43.17 16.95 156.40 173.35 OK
r-devel-linux-x86_64-debian-gcc 1.43.17 13.66 118.81 132.47 OK
r-devel-linux-x86_64-fedora-clang 1.43.17 214.97 OK
r-devel-linux-x86_64-fedora-gcc 1.43.17 202.53 OK
r-devel-windows-ix86+x86_64 1.43.17 36.00 212.00 248.00 OK
r-patched-linux-x86_64 1.43.17 17.14 150.49 167.63 OK
r-patched-osx-x86_64 1.43.17 OK
r-patched-solaris-x86 1.43.17 305.50 NOTE
r-release-linux-x86_64 1.43.17 16.04 136.17 152.21 OK
r-release-windows-ix86+x86_64 1.43.17 32.00 199.00 231.00 OK
r-release-osx-x86_64 1.43.17 OK
r-oldrel-windows-ix86+x86_64 1.43.17 17.00 171.00 188.00 OK
r-oldrel-osx-x86_64 1.43.15 OK

Check Details

Version: 1.43.17
Check: Rd cross-references
Result: NOTE
    Package unavailable to check Rd xrefs: ‘RMark’
Flavor: r-patched-solaris-x86