CRAN Package Check Results for Package MuChPoint

Last updated on 2020-04-25 01:53:08 CEST.

Flavor Version Tinstall Tcheck Ttotal Status Flags
r-devel-linux-x86_64-debian-clang 0.6.1 20.47 31.10 51.57 OK
r-devel-linux-x86_64-debian-gcc 0.6.1 12.33 24.81 37.14 OK
r-devel-linux-x86_64-fedora-clang 0.6.1 70.14 NOTE
r-devel-linux-x86_64-fedora-gcc 0.6.1 62.55 NOTE
r-devel-windows-ix86+x86_64 0.6.1 60.00 91.00 151.00 OK
r-patched-linux-x86_64 0.6.1 15.05 30.99 46.04 OK
r-patched-osx-x86_64 0.6.1 NOTE
r-patched-solaris-x86 0.6.1 79.40 NOTE
r-release-linux-x86_64 0.6.1 14.04 28.66 42.70 OK
r-release-windows-ix86+x86_64 0.6.1 49.00 61.00 110.00 OK
r-release-osx-x86_64 0.6.1 NOTE
r-oldrel-windows-ix86+x86_64 0.6.1 27.00 90.00 117.00 OK
r-oldrel-osx-x86_64 0.6.1 NOTE

Check Details

Version: 0.6.1
Check: dependencies in R code
Result: NOTE
    Namespaces in Imports field not imported from:
     ‘Matrix’ ‘capushe’ ‘shiny’
     All declared Imports should be used.
Flavors: r-devel-linux-x86_64-fedora-clang, r-devel-linux-x86_64-fedora-gcc, r-patched-osx-x86_64, r-patched-solaris-x86, r-release-osx-x86_64, r-oldrel-osx-x86_64