CRAN Package Check Results for Package ModStatR

Last updated on 2020-04-25 01:53:08 CEST.

Flavor Version Tinstall Tcheck Ttotal Status Flags
r-devel-linux-x86_64-debian-clang 1.3.0 6.41 31.95 38.36 OK
r-devel-linux-x86_64-debian-gcc 1.3.0 6.13 26.06 32.19 OK
r-devel-linux-x86_64-fedora-clang 1.3.0 50.28 NOTE
r-devel-linux-x86_64-fedora-gcc 1.3.0 48.49 NOTE
r-devel-windows-ix86+x86_64 1.3.0 24.00 60.00 84.00 OK
r-patched-linux-x86_64 1.3.0 7.31 31.82 39.13 OK
r-patched-osx-x86_64 1.3.0 NOTE
r-patched-solaris-x86 1.3.0 80.70 NOTE
r-release-linux-x86_64 1.3.0 5.98 29.94 35.92 OK
r-release-windows-ix86+x86_64 1.3.0 16.00 64.00 80.00 OK
r-release-osx-x86_64 1.3.0 NOTE
r-oldrel-windows-ix86+x86_64 1.3.0 10.00 57.00 67.00 OK
r-oldrel-osx-x86_64 1.3.0 NOTE

Check Details

Version: 1.3.0
Check: dependencies in R code
Result: NOTE
    Namespaces in Imports field not imported from:
     ‘BioStatR’ ‘ggplot2’
     All declared Imports should be used.
Flavors: r-devel-linux-x86_64-fedora-clang, r-devel-linux-x86_64-fedora-gcc, r-patched-osx-x86_64, r-patched-solaris-x86, r-release-osx-x86_64, r-oldrel-osx-x86_64

Version: 1.3.0
Check: data for non-ASCII characters
Result: NOTE
     Note: found 20578 marked UTF-8 strings
Flavors: r-devel-linux-x86_64-fedora-clang, r-devel-linux-x86_64-fedora-gcc, r-patched-osx-x86_64, r-patched-solaris-x86, r-release-osx-x86_64, r-oldrel-osx-x86_64