CRAN Package Check Results for Package MoBPS

Last updated on 2020-04-25 01:53:08 CEST.

Flavor Version Tinstall Tcheck Ttotal Status Flags
r-devel-linux-x86_64-debian-clang 1.4.87 38.97 119.22 158.19 NOTE
r-devel-linux-x86_64-debian-gcc 1.4.87 35.49 86.01 121.50 NOTE
r-devel-linux-x86_64-fedora-clang 1.4.87 200.27 NOTE
r-devel-linux-x86_64-fedora-gcc 1.4.87 210.44 NOTE
r-devel-windows-ix86+x86_64 1.4.87 66.00 142.00 208.00 NOTE
r-patched-linux-x86_64 1.4.87 40.28 116.47 156.75 NOTE
r-patched-osx-x86_64 1.4.87 NOTE
r-patched-solaris-x86 1.4.87 239.40 NOTE
r-release-linux-x86_64 1.4.87 35.01 104.51 139.52 NOTE
r-release-windows-ix86+x86_64 1.4.87 67.00 137.00 204.00 NOTE
r-release-osx-x86_64 1.4.87 NOTE
r-oldrel-windows-ix86+x86_64 1.4.87 52.00 130.00 182.00 NOTE

Check Details

Version: 1.4.87
Check: package dependencies
Result: NOTE
    Package which this enhances but not available for checking: 'MoBPSmaps'
Flavors: r-devel-linux-x86_64-debian-clang, r-devel-linux-x86_64-debian-gcc, r-devel-linux-x86_64-fedora-clang, r-devel-linux-x86_64-fedora-gcc, r-devel-windows-ix86+x86_64, r-patched-linux-x86_64, r-patched-solaris-x86, r-release-linux-x86_64, r-release-windows-ix86+x86_64, r-oldrel-windows-ix86+x86_64

Version: 1.4.87
Check: package dependencies
Result: NOTE
    Package suggested but not available for checking: ‘doMPI’
    
    Packages which this enhances but not available for checking:
     'miraculix', 'MoBPSmaps'
Flavor: r-patched-osx-x86_64

Version: 1.4.87
Check: package dependencies
Result: NOTE
    Package suggested but not available for checking: ‘doMPI’
    
    Package which this enhances but not available for checking: ‘MoBPSmaps’
Flavor: r-release-osx-x86_64