CRAN Package Check Results for Package MixfMRI

Last updated on 2020-04-25 01:53:08 CEST.

Flavor Version Tinstall Tcheck Ttotal Status Flags
r-devel-linux-x86_64-debian-clang 0.1-0 12.74 98.87 111.61 OK
r-devel-linux-x86_64-debian-gcc 0.1-0 11.81 74.59 86.40 OK
r-devel-linux-x86_64-fedora-clang 0.1-0 149.26 OK
r-devel-linux-x86_64-fedora-gcc 0.1-0 149.25 OK
r-devel-windows-ix86+x86_64 0.1-0 33.00 185.00 218.00 OK
r-patched-linux-x86_64 0.1-0 11.53 96.01 107.54 OK
r-patched-osx-x86_64 0.1-0 NOTE
r-patched-solaris-x86 0.1-0 186.50 OK
r-release-linux-x86_64 0.1-0 10.95 89.83 100.78 OK
r-release-windows-ix86+x86_64 0.1-0 28.00 133.00 161.00 OK
r-release-osx-x86_64 0.1-0 NOTE
r-oldrel-windows-ix86+x86_64 0.1-0 17.00 166.00 183.00 OK
r-oldrel-osx-x86_64 0.1-0 NOTE

Check Details

Version: 0.1-0
Check: package dependencies
Result: NOTE
    Package which this enhances but not available for checking: ‘pbdMPI’
Flavors: r-patched-osx-x86_64, r-release-osx-x86_64, r-oldrel-osx-x86_64