CRAN Package Check Results for Package MetaStan

Last updated on 2020-04-25 01:53:07 CEST.

Flavor Version Tinstall Tcheck Ttotal Status Flags
r-devel-linux-x86_64-debian-clang 0.2.0 798.27 128.49 926.76 NOTE
r-devel-linux-x86_64-debian-gcc 0.2.0 685.11 120.59 805.70 NOTE
r-devel-linux-x86_64-fedora-clang 0.2.0 1401.90 NOTE
r-devel-linux-x86_64-fedora-gcc 0.2.0 1510.24 NOTE
r-devel-windows-ix86+x86_64 0.2.0 1892.00 321.00 2213.00 NOTE
r-patched-linux-x86_64 0.2.0 728.47 157.11 885.58 NOTE
r-patched-osx-x86_64 0.2.0 NOTE
r-patched-solaris-x86 0.2.0 1182.20 NOTE
r-release-linux-x86_64 0.2.0 634.92 134.79 769.71 NOTE
r-release-windows-ix86+x86_64 0.2.0 1710.00 276.00 1986.00 NOTE
r-release-osx-x86_64 0.2.0 NOTE
r-oldrel-windows-ix86+x86_64 0.2.0 1246.00 253.00 1499.00 NOTE
r-oldrel-osx-x86_64 0.1.1 NOTE

Check Details

Version: 0.2.0
Check: for GNU extensions in Makefiles
Result: NOTE
    GNU make is a SystemRequirements.
Flavors: r-devel-linux-x86_64-debian-clang, r-devel-linux-x86_64-debian-gcc, r-devel-linux-x86_64-fedora-clang, r-devel-linux-x86_64-fedora-gcc, r-devel-windows-ix86+x86_64, r-patched-linux-x86_64, r-patched-osx-x86_64, r-patched-solaris-x86, r-release-linux-x86_64, r-release-windows-ix86+x86_64, r-release-osx-x86_64, r-oldrel-windows-ix86+x86_64

Version: 0.2.0
Check: installed package size
Result: NOTE
     installed size is 124.0Mb
     sub-directories of 1Mb or more:
     libs 123.6Mb
Flavors: r-devel-linux-x86_64-fedora-clang, r-devel-windows-ix86+x86_64, r-patched-osx-x86_64, r-patched-solaris-x86, r-release-windows-ix86+x86_64, r-release-osx-x86_64, r-oldrel-windows-ix86+x86_64

Version: 0.1.1
Check: installed package size
Result: NOTE
     installed size is 69.4Mb
     sub-directories of 1Mb or more:
     libs 69.1Mb
Flavor: r-oldrel-osx-x86_64

Version: 0.1.1
Check: for GNU extensions in Makefiles
Result: NOTE
    GNU make is a SystemRequirements.
Flavor: r-oldrel-osx-x86_64