CRAN Package Check Results for Package MetaLandSim

Last updated on 2020-04-25 01:53:07 CEST.

Flavor Version Tinstall Tcheck Ttotal Status Flags
r-devel-linux-x86_64-debian-clang 1.0.6 34.53 283.24 317.77 OK
r-devel-linux-x86_64-debian-gcc 1.0.6 25.98 215.67 241.65 OK
r-devel-linux-x86_64-fedora-clang 1.0.6 401.18 NOTE
r-devel-linux-x86_64-fedora-gcc 1.0.6 394.52 NOTE
r-devel-windows-ix86+x86_64 1.0.6 71.00 442.00 513.00 OK
r-patched-linux-x86_64 1.0.6 31.83 281.56 313.39 OK
r-patched-osx-x86_64 1.0.6 NOTE
r-patched-solaris-x86 1.0.6 616.90 NOTE
r-release-linux-x86_64 1.0.6 29.28 259.07 288.35 OK
r-release-windows-ix86+x86_64 1.0.6 62.00 413.00 475.00 OK
r-release-osx-x86_64 1.0.6 NOTE
r-oldrel-windows-ix86+x86_64 1.0.6 29.00 241.00 270.00 OK
r-oldrel-osx-x86_64 1.0.6 NOTE

Check Details

Version: 1.0.6
Check: dependencies in R code
Result: NOTE
    Namespace in Imports field not imported from: ‘knitr’
     All declared Imports should be used.
Flavors: r-devel-linux-x86_64-fedora-clang, r-devel-linux-x86_64-fedora-gcc, r-patched-osx-x86_64, r-patched-solaris-x86, r-release-osx-x86_64, r-oldrel-osx-x86_64