CRAN Package Check Results for Package MazamaLocationUtils

Last updated on 2020-04-25 01:53:07 CEST.

Flavor Version Tinstall Tcheck Ttotal Status Flags
r-devel-linux-x86_64-debian-clang 0.1.6 7.92 69.90 77.82 OK
r-devel-linux-x86_64-debian-gcc 0.1.6 6.60 53.36 59.96 OK
r-devel-linux-x86_64-fedora-clang 0.1.6 103.42 OK
r-devel-linux-x86_64-fedora-gcc 0.1.6 98.31 OK
r-devel-windows-ix86+x86_64 0.1.6 37.00 119.00 156.00 OK
r-patched-linux-x86_64 0.1.6 8.71 66.79 75.50 OK
r-patched-osx-x86_64 0.1.6 WARN
r-patched-solaris-x86 0.1.6 135.20 OK
r-release-linux-x86_64 0.1.6 6.76 60.41 67.17 OK
r-release-windows-ix86+x86_64 0.1.6 25.00 110.00 135.00 OK
r-release-osx-x86_64 0.1.6 OK
r-oldrel-windows-ix86+x86_64 0.1.6 11.00 97.00 108.00 OK
r-oldrel-osx-x86_64 0.1.6 OK

Check Details

Version: 0.1.6
Check: re-building of vignette outputs
Result: WARN
    Error(s) in re-building vignettes:
     ...
    --- re-building ‘MazamaLocationUtils.Rmd’ using rmarkdown
    dyld: lazy symbol binding failed: Symbol not found: ____chkstk_darwin
     Referenced from: /usr/local/bin/pandoc (which was built for Mac OS X 10.15)
     Expected in: /usr/lib/libSystem.B.dylib
    
    dyld: Symbol not found: ____chkstk_darwin
     Referenced from: /usr/local/bin/pandoc (which was built for Mac OS X 10.15)
     Expected in: /usr/lib/libSystem.B.dylib
    
    Error: processing vignette 'MazamaLocationUtils.Rmd' failed with diagnostics:
    pandoc document conversion failed with error 6
    --- failed re-building ‘MazamaLocationUtils.Rmd’
    
    SUMMARY: processing the following file failed:
     ‘MazamaLocationUtils.Rmd’
    
    Error: Vignette re-building failed.
    Execution halted
Flavor: r-patched-osx-x86_64