CRAN Package Check Results for Package ManifoldOptim

Last updated on 2020-04-25 01:53:07 CEST.

Flavor Version Tinstall Tcheck Ttotal Status Flags
r-devel-linux-x86_64-debian-clang 1.0.0 225.13 25.59 250.72 OK
r-devel-linux-x86_64-debian-gcc 1.0.0 133.85 20.47 154.32 OK
r-devel-linux-x86_64-fedora-clang 1.0.0 388.05 NOTE
r-devel-linux-x86_64-fedora-gcc 1.0.0 299.42 OK
r-devel-windows-ix86+x86_64 1.0.0 955.00 100.00 1055.00 OK
r-patched-linux-x86_64 1.0.0 163.82 25.40 189.22 OK
r-patched-osx-x86_64 1.0.0 NOTE
r-patched-solaris-x86 1.0.0 231.50 OK
r-release-linux-x86_64 1.0.0 166.10 23.49 189.59 OK
r-release-windows-ix86+x86_64 1.0.0 833.00 70.00 903.00 OK
r-release-osx-x86_64 1.0.0 NOTE
r-oldrel-windows-ix86+x86_64 1.0.0 574.00 81.00 655.00 OK
r-oldrel-osx-x86_64 0.1.5 NOTE

Check Details

Version: 1.0.0
Check: installed package size
Result: NOTE
     installed size is 10.8Mb
     sub-directories of 1Mb or more:
     libs 10.4Mb
Flavors: r-devel-linux-x86_64-fedora-clang, r-patched-osx-x86_64, r-release-osx-x86_64

Version: 0.1.5
Check: installed package size
Result: NOTE
     installed size is 7.8Mb
     sub-directories of 1Mb or more:
     libs 7.4Mb
Flavor: r-oldrel-osx-x86_64