CRAN Package Check Results for Package MSIseq

Last updated on 2020-04-25 01:53:08 CEST.

Flavor Version Tinstall Tcheck Ttotal Status Flags
r-devel-linux-x86_64-debian-clang 1.0.0 19.75 304.58 324.33 NOTE
r-devel-linux-x86_64-debian-gcc 1.0.0 17.24 242.98 260.22 NOTE
r-devel-linux-x86_64-fedora-clang 1.0.0 415.84 NOTE
r-devel-linux-x86_64-fedora-gcc 1.0.0 406.24 NOTE
r-devel-windows-ix86+x86_64 1.0.0 42.00 180.00 222.00 NOTE --no-vignettes
r-patched-linux-x86_64 1.0.0 20.02 299.74 319.76 NOTE
r-patched-osx-x86_64 1.0.0 NOTE
r-release-linux-x86_64 1.0.0 16.96 281.38 298.34 NOTE
r-release-windows-ix86+x86_64 1.0.0 40.00 113.00 153.00 NOTE --no-vignettes
r-release-osx-x86_64 1.0.0 WARN
r-oldrel-windows-ix86+x86_64 1.0.0 15.00 148.00 163.00 NOTE --no-vignettes
r-oldrel-osx-x86_64 1.0.0 NOTE

Check Details

Version: 1.0.0
Check: R code for possible problems
Result: NOTE
    MSIseq.classify: no visible global function definition for 'predict'
    Undefined global functions or variables:
     predict
    Consider adding
     importFrom("stats", "predict")
    to your NAMESPACE file.
Flavors: r-devel-linux-x86_64-debian-clang, r-devel-linux-x86_64-debian-gcc, r-devel-linux-x86_64-fedora-clang, r-devel-linux-x86_64-fedora-gcc, r-patched-linux-x86_64, r-patched-osx-x86_64, r-release-linux-x86_64, r-release-osx-x86_64, r-oldrel-osx-x86_64

Version: 1.0.0
Flags: --no-vignettes
Check: R code for possible problems
Result: NOTE
    MSIseq.classify: no visible global function definition for 'predict'
    Undefined global functions or variables:
     predict
    Consider adding
     importFrom("stats", "predict")
    to your NAMESPACE file.
Flavors: r-devel-windows-ix86+x86_64, r-release-windows-ix86+x86_64, r-oldrel-windows-ix86+x86_64

Version: 1.0.0
Check: whether package can be installed
Result: WARN
    Found the following significant warnings:
     Warning: package ‘IRanges’ was built under R version 3.6.1
     Warning: package ‘S4Vectors’ was built under R version 3.6.1
Flavor: r-release-osx-x86_64