CRAN Package Check Results for Package MLmetrics

Last updated on 2020-04-25 01:53:08 CEST.

Flavor Version Tinstall Tcheck Ttotal Status Flags
r-devel-linux-x86_64-debian-clang 1.1.1 2.66 22.04 24.70 OK
r-devel-linux-x86_64-debian-gcc 1.1.1 2.06 17.51 19.57 OK
r-devel-linux-x86_64-fedora-clang 1.1.1 30.44 NOTE
r-devel-linux-x86_64-fedora-gcc 1.1.1 29.50 NOTE
r-devel-windows-ix86+x86_64 1.1.1 7.00 48.00 55.00 OK
r-patched-linux-x86_64 1.1.1 2.38 22.03 24.41 OK
r-patched-osx-x86_64 1.1.1 NOTE
r-patched-solaris-x86 1.1.1 45.90 NOTE
r-release-linux-x86_64 1.1.1 1.76 20.24 22.00 OK
r-release-windows-ix86+x86_64 1.1.1 6.00 37.00 43.00 OK
r-release-osx-x86_64 1.1.1 NOTE
r-oldrel-windows-ix86+x86_64 1.1.1 3.00 43.00 46.00 OK
r-oldrel-osx-x86_64 1.1.1 NOTE

Check Details

Version: 1.1.1
Check: dependencies in R code
Result: NOTE
    Namespace in Imports field not imported from: ‘utils’
     All declared Imports should be used.
Flavors: r-devel-linux-x86_64-fedora-clang, r-devel-linux-x86_64-fedora-gcc, r-patched-osx-x86_64, r-patched-solaris-x86, r-release-osx-x86_64, r-oldrel-osx-x86_64