CRAN Package Check Results for Package MLZ

Last updated on 2020-04-25 01:53:08 CEST.

Flavor Version Tinstall Tcheck Ttotal Status Flags
r-devel-linux-x86_64-debian-clang 0.1.3 181.66 115.84 297.50 OK
r-devel-linux-x86_64-debian-gcc 0.1.3 121.15 89.53 210.68 OK
r-devel-linux-x86_64-fedora-clang 0.1.3 402.52 NOTE
r-devel-linux-x86_64-fedora-gcc 0.1.3 349.70 OK
r-devel-windows-ix86+x86_64 0.1.3 264.00 235.00 499.00 NOTE
r-patched-linux-x86_64 0.1.3 115.06 113.24 228.30 OK
r-patched-osx-x86_64 0.1.3 WARN
r-patched-solaris-x86 0.1.3 326.50 OK
r-release-linux-x86_64 0.1.3 114.07 104.17 218.24 OK
r-release-windows-ix86+x86_64 0.1.3 227.00 231.00 458.00 NOTE
r-release-osx-x86_64 0.1.3 NOTE
r-oldrel-windows-ix86+x86_64 0.1.3 158.00 171.00 329.00 NOTE
r-oldrel-osx-x86_64 0.1.3 NOTE

Check Details

Version: 0.1.3
Check: installed package size
Result: NOTE
     installed size is 26.5Mb
     sub-directories of 1Mb or more:
     libs 26.0Mb
Flavors: r-devel-linux-x86_64-fedora-clang, r-devel-windows-ix86+x86_64, r-patched-osx-x86_64, r-release-windows-ix86+x86_64, r-release-osx-x86_64, r-oldrel-windows-ix86+x86_64, r-oldrel-osx-x86_64

Version: 0.1.3
Check: re-building of vignette outputs
Result: WARN
    Error(s) in re-building vignettes:
     ...
    --- re-building ‘MLZ.Rmd’ using rmarkdown
    `stat_bin()` using `bins = 30`. Pick better value with `binwidth`.
    Data from slot @Len_df used to calculate mean lengths.
    Data from slot @Len_df used to plot modal lengths.
    dyld: lazy symbol binding failed: Symbol not found: ____chkstk_darwin
     Referenced from: /usr/local/bin/pandoc (which was built for Mac OS X 10.15)
     Expected in: /usr/lib/libSystem.B.dylib
    
    dyld: Symbol not found: ____chkstk_darwin
     Referenced from: /usr/local/bin/pandoc (which was built for Mac OS X 10.15)
     Expected in: /usr/lib/libSystem.B.dylib
    
    Error: processing vignette 'MLZ.Rmd' failed with diagnostics:
    pandoc document conversion failed with error 6
    --- failed re-building ‘MLZ.Rmd’
    
    SUMMARY: processing the following file failed:
     ‘MLZ.Rmd’
    
    Error: Vignette re-building failed.
    Execution halted
Flavor: r-patched-osx-x86_64