CRAN Package Check Results for Package MDplot

Last updated on 2020-04-25 01:53:07 CEST.

Flavor Version Tinstall Tcheck Ttotal Status Flags
r-devel-linux-x86_64-debian-clang 1.0.1 7.29 64.98 72.27 OK
r-devel-linux-x86_64-debian-gcc 1.0.1 5.01 49.43 54.44 OK
r-devel-linux-x86_64-fedora-clang 1.0.1 89.45 NOTE
r-devel-linux-x86_64-fedora-gcc 1.0.1 89.07 OK
r-devel-windows-ix86+x86_64 1.0.1 17.00 98.00 115.00 NOTE
r-patched-linux-x86_64 1.0.1 5.82 65.99 71.81 OK
r-patched-osx-x86_64 1.0.1 NOTE
r-patched-solaris-x86 1.0.1 119.70 NOTE
r-release-linux-x86_64 1.0.1 4.74 62.28 67.02 OK
r-release-windows-ix86+x86_64 1.0.1 20.00 62.00 82.00 NOTE
r-release-osx-x86_64 1.0.1 NOTE
r-oldrel-windows-ix86+x86_64 1.0.1 12.00 96.00 108.00 NOTE
r-oldrel-osx-x86_64 1.0.1 NOTE

Check Details

Version: 1.0.1
Check: installed package size
Result: NOTE
     installed size is 7.6Mb
     sub-directories of 1Mb or more:
     doc 1.9Mb
     extdata 5.3Mb
Flavors: r-devel-linux-x86_64-fedora-clang, r-devel-windows-ix86+x86_64, r-patched-osx-x86_64, r-patched-solaris-x86, r-release-windows-ix86+x86_64, r-release-osx-x86_64, r-oldrel-windows-ix86+x86_64, r-oldrel-osx-x86_64