CRAN Package Check Results for Package MCPModPack

Last updated on 2020-04-25 01:53:07 CEST.

Flavor Version Tinstall Tcheck Ttotal Status Flags
r-devel-linux-x86_64-debian-clang 0.1 43.98 66.34 110.32 OK
r-devel-linux-x86_64-debian-gcc 0.1 36.31 48.95 85.26 OK
r-devel-linux-x86_64-fedora-clang 0.1 142.55 NOTE
r-devel-linux-x86_64-fedora-gcc 0.1 147.95 OK
r-devel-windows-ix86+x86_64 0.1 119.00 191.00 310.00 OK
r-patched-linux-x86_64 0.1 42.00 64.72 106.72 OK
r-patched-osx-x86_64 0.1 NOTE
r-patched-solaris-x86 0.1 158.30 OK
r-release-linux-x86_64 0.1 38.27 58.22 96.49 NOTE
r-release-windows-ix86+x86_64 0.1 106.00 167.00 273.00 OK
r-release-osx-x86_64 0.1 NOTE
r-oldrel-windows-ix86+x86_64 0.1 78.00 143.00 221.00 OK
r-oldrel-osx-x86_64 0.1 NOTE

Check Details

Version: 0.1
Check: installed package size
Result: NOTE
     installed size is 5.9Mb
     sub-directories of 1Mb or more:
     libs 5.4Mb
Flavors: r-devel-linux-x86_64-fedora-clang, r-patched-osx-x86_64, r-release-osx-x86_64, r-oldrel-osx-x86_64

Version: 0.1
Check: DESCRIPTION meta-information
Result: NOTE
    Dependence on R version ‘3.4.1’ not with patchlevel 0
Flavor: r-release-linux-x86_64